-- MySQL Administrator dump 1.4
--
-- ------------------------------------------------------
-- Server version	4.1.18


/*!40101 SET @OLD_CHARACTER_SET_CLIENT=@@CHARACTER_SET_CLIENT */;
/*!40101 SET @OLD_CHARACTER_SET_RESULTS=@@CHARACTER_SET_RESULTS */;
/*!40101 SET @OLD_COLLATION_CONNECTION=@@COLLATION_CONNECTION */;
/*!40101 SET NAMES utf8 */;

/*!40014 SET @OLD_UNIQUE_CHECKS=@@UNIQUE_CHECKS, UNIQUE_CHECKS=0 */;
/*!40014 SET @OLD_FOREIGN_KEY_CHECKS=@@FOREIGN_KEY_CHECKS, FOREIGN_KEY_CHECKS=0 */;
/*!40101 SET @OLD_SQL_MODE=@@SQL_MODE, SQL_MODE='NO_AUTO_VALUE_ON_ZERO' */;


--
-- Create schema facturacion
--

CREATE DATABASE IF NOT EXISTS facturacion;
USE facturacion;

--
-- Definition of table `facturacion`.`comunidades`
--

DROP TABLE IF EXISTS `facturacion`.`comunidades`;
CREATE TABLE  `facturacion`.`comunidades` (
  `id` int(11) NOT NULL auto_increment,
  `comunidad` varchar(50) NOT NULL default '',
  `codigo` char(3) NOT NULL default '',
  PRIMARY KEY  (`id`)
) ENGINE=MyISAM DEFAULT CHARSET=latin1;

--
-- Dumping data for table `facturacion`.`comunidades`
--

/*!40000 ALTER TABLE `comunidades` DISABLE KEYS */;
LOCK TABLES `comunidades` WRITE;
INSERT INTO `facturacion`.`comunidades` VALUES  (3,'Asturias','AST'),
 (2,'Aragón','ARG'),
 (1,'Andalucía','AND'),
 (13,'Islas Canarias','ICN'),
 (14,'La Rioja','LRJ'),
 (15,'Navarra','NAV'),
 (16,'País Vasco','PVA'),
 (17,'Región de Murcia','RMU'),
 (12,'Islas Baleares','IBL'),
 (11,'Galicia','GAL'),
 (10,'Extremadura','EXT'),
 (9,'Comunidad Valenciana','CVA'),
 (8,'Comunidad de Madrid','CM'),
 (7,'Cataluña','CAT'),
 (6,'Castilla y León','CYL'),
 (5,'Castilla La Mancha','CLM'),
 (4,'Cantabria','CAN');
UNLOCK TABLES;
/*!40000 ALTER TABLE `comunidades` ENABLE KEYS */;


--
-- Definition of table `facturacion`.`consorcios`
--

DROP TABLE IF EXISTS `facturacion`.`consorcios`;
CREATE TABLE  `facturacion`.`consorcios` (
  `id_cons` int(11) NOT NULL auto_increment,
  `agrupacion` varchar(40) NOT NULL default '',
  PRIMARY KEY  (`id_cons`)
) ENGINE=MyISAM DEFAULT CHARSET=utf8;

--
-- Dumping data for table `facturacion`.`consorcios`
--

/*!40000 ALTER TABLE `consorcios` DISABLE KEYS */;
LOCK TABLES `consorcios` WRITE;
INSERT INTO `facturacion`.`consorcios` VALUES  (1,'Ninguno'),
 (5,'consorcio-04'),
 (6,'UNI-01'),
 (7,'consorcio-05'),
 (8,'nuevocon-01'),
 (9,'UNIV-AND'),
 (10,'CONS-09'),
 (11,'SS-01'),
 (15,'pruebaconcons-01');
UNLOCK TABLES;
/*!40000 ALTER TABLE `consorcios` ENABLE KEYS */;


--
-- Definition of table `facturacion`.`contratos`
--

DROP TABLE IF EXISTS `facturacion`.`contratos`;
CREATE TABLE  `facturacion`.`contratos` (
  `id` int(11) NOT NULL auto_increment,
  `num_cont` varchar(14) NOT NULL default '',
  `cif` varchar(9) NOT NULL default '',
  `fecha_recep` date default '0000-00-00',
  `fecha_env` date default '0000-00-00',
  `estado_id` int(11) NOT NULL default '0',
  `precio` varchar(8) default NULL,
  `ccc` varchar(23) default NULL,
  `poderes` longtext,
  `dominio` varchar(100) default NULL,
  PRIMARY KEY  (`id`)
) ENGINE=MyISAM DEFAULT CHARSET=latin1 ROW_FORMAT=DYNAMIC;

--
-- Dumping data for table `facturacion`.`contratos`
--

/*!40000 ALTER TABLE `contratos` DISABLE KEYS */;
LOCK TABLES `contratos` WRITE;
INSERT INTO `facturacion`.`contratos` VALUES  (29,'FT/WOK/09-444','B23456132','2009-12-17','2009-12-17',2,'500',NULL,NULL,'mu.ieo.es'),
 (32,'FT/WOK/09-157','A12345001','0000-00-00','2010-01-28',6,'0','','','azterlan.es'),
 (33,'FT/WOK/09-158','B11111122','0000-00-00','0000-00-00',2,'0','','','ikerlan.es'),
 (227,'FT/WOK/09-305','B98765432','0000-00-00','2009-12-15',4,'100','','','www.fecyt2.es'),
 (43,'FT/WOK/09-222','A12345678','0000-00-00','2009-12-16',6,'500','','nuevos poderes editables','ci ca.es'),
 (7,'FT/WOK/09-032','B22222222','2009-12-10','0000-00-00',4,'345','','fadsfa','bib.csic.es'),
 (230,'FT/WOK/10-306','C55555555','0000-00-00','0000-00-00',2,'0','','','ual.es'),
 (34,'FT/WOK/09-159','B33333322','0000-00-00','0000-00-00',2,'1005','','Estos son los poderes','robotiker.com'),
 (35,'FT/WOK/09-160','B23095487','0000-00-00','0000-00-00',2,'2000','','','vicomtech.es'),
 (27,'FT/WOK/09-104','C98765432','0000-00-00','2009-11-16',6,'0','','','aneca.es'),
 (17,'FT/WOK/09-002','B12345678','2009-10-19','2009-12-01',6,'500','','','fecyt3.es'),
 (95,'FT/WOK/10-174','Q2818002D','0000-00-00','0000-00-00',2,'0','','','iim.csic.es'),
 (16,'FT/WOK/09-104','D88888888','2009-01-01','2009-11-10',2,'500','2101-0206-13-0010620292','nuevos poderes editables','cica.es'),
 (300,'FT/WOK/10-376','Q2818002D','0000-00-00','0000-00-00',2,'0','','','iag.mat.ucm.es'),
 (301,'FT/WOK/10-377','Q2818002D','0000-00-00','0000-00-00',2,'0','','','ib.csic.es'),
 (302,'FT/WOK/10-378','Q2818002D','0000-00-00','0000-00-00',2,'0','','','icma.csic.unizar.es'),
 (298,'FT/WOK/10-374','Q2818002D','0000-00-00','0000-00-00',2,'0','','','eeza.csic.es'),
 (299,'FT/WOK/10-375','Q2818002D','0000-00-00','0000-00-00',2,'0','','','invest.biotec.unavarra.es'),
 (303,'FT/WOK/10-379','Q2818002D','0000-00-00','0000-00-00',2,'0','','','icman.csic.es'),
 (304,'FT/WOK/10-380','Q2818002D','0000-00-00','0000-00-00',2,'0','','','ift.csic.es'),
 (305,'FT/WOK/10-381','Q2818002D','0000-00-00','0000-00-00',2,'0','','','iegps.csic.es'),
 (306,'FT/WOK/10-382','Q2818002D','0000-00-00','0000-00-00',2,'0','','','imse.cnm.es'),
 (307,'FT/WOK/10-383','Q2818002D','0000-00-00','0000-00-00',2,'0','','','ibmcp.upv.es'),
 (308,'FT/WOK/10-384','Q2818002D','0000-00-00','0000-00-00',2,'0','','','ingenio.upv.es'),
 (228,'FT/WOK/10-305','B98765432','0000-00-00','2010-03-02',6,'200','2101-0206-11-0001062025','un poder','www.fecyt2.es'),
 (226,'FT/WOK/10-304','B12345678','0000-00-00','2010-05-05',6,'505','','','fecyt3.es'),
 (231,'FT/WOK/10-307','Q2818002D','0000-00-00','0000-00-00',2,'0','','','bib.csic.es'),
 (232,'FT/WOK/10-308','Q2818002D','0000-00-00','0000-00-00',2,'0','','','ceab.csic.es'),
 (233,'FT/WOK/10-309','Q2818002D','0000-00-00','0000-00-00',2,'0','','','ch.csic.es'),
 (234,'FT/WOK/10-310','Q2818002D','0000-00-00','0000-00-00',2,'0','','','cid.csic.es'),
 (235,'FT/WOK/10-311','Q2818002D','0000-00-00','0000-00-00',2,'0','','','cib.csic.es'),
 (236,'FT/WOK/10-312','Q2818002D','0000-00-00','0000-00-00',2,'0','','','cetef.csic.es'),
 (237,'FT/WOK/10-313','Q2818002D','0000-00-00','0000-00-00',2,'0','','','cmima.csic.es'),
 (238,'FT/WOK/10-314','Q2818002D','0000-00-00','0000-00-00',2,'0','','','cnb.uam.es'),
 (239,'FT/WOK/10-315','Q2818002D','0000-00-00','0000-00-00',2,'0','','','cenim.csic.es'),
 (240,'FT/WOK/10-316','Q2818002D','0000-00-00','0000-00-00',2,'0','','','cti.csic.es'),
 (241,'FT/WOK/10-317','Q2818002D','0000-00-00','0000-00-00',2,'0','','','eea.csic.es'),
 (242,'FT/WOK/10-318','Q2818002D','0000-00-00','0000-00-00',2,'0','','','eeha.csic.es'),
 (243,'FT/WOK/10-319','Q2818002D','0000-00-00','0000-00-00',2,'0','','','ebd.csic.es'),
 (244,'FT/WOK/10-320','Q2818002D','0000-00-00','0000-00-00',2,'0','','','institutbotanic.bcn.es'),
 (245,'FT/WOK/10-321','Q2818002D','0000-00-00','0000-00-00',2,'0','','','iats.csic.es'),
 (246,'FT/WOK/10-322','Q2818002D','0000-00-00','0000-00-00',2,'0','','','iai.csic.es'),
 (247,'FT/WOK/10-323','Q2818002D','0000-00-00','0000-00-00',2,'0','','','ibmb.csic.es'),
 (248,'FT/WOK/10-324','Q2818002D','0000-00-00','0000-00-00',2,'0','','','cebas.csic.es'),
 (249,'FT/WOK/10-325','Q2818002D','0000-00-00','0000-00-00',2,'0','','','icb.csic.es'),
 (250,'FT/WOK/10-326','Q2818002D','0000-00-00','0000-00-00',2,'0','','','icp.csic.es'),
 (251,'FT/WOK/10-327','Q2818002D','0000-00-00','0000-00-00',2,'0','','','icv.csic.es'),
 (252,'FT/WOK/10-328','Q2818002D','0000-00-00','0000-00-00',2,'0','','','icmm.csic.es'),
 (253,'FT/WOK/10-329','Q2818002D','0000-00-00','0000-00-00',2,'0','','','ietcc.csic.es'),
 (254,'FT/WOK/10-330','Q2818002D','0000-00-00','0000-00-00',2,'0','','','ija.csic.es'),
 (255,'FT/WOK/10-331','Q2818002D','0000-00-00','0000-00-00',2,'0','','','ieg.csic.es'),
 (256,'FT/WOK/10-332','Q2818002D','0000-00-00','0000-00-00',2,'0','','','iesaa.csic.es'),
 (257,'FT/WOK/10-333','Q2818002D','0000-00-00','0000-00-00',2,'0','','','filol.csic.es'),
 (258,'FT/WOK/10-334','Q2818002D','0000-00-00','0000-00-00',2,'0','','','ifs.csic.es'),
 (259,'FT/WOK/10-335','Q2818002D','0000-00-00','0000-00-00',2,'0','','','ific.uv.es'),
 (260,'FT/WOK/10-336','Q2818002D','0000-00-00','0000-00-00',2,'0','','','iibb.csic.es'),
 (261,'FT/WOK/10-337','Q2818002D','0000-00-00','0000-00-00',2,'0','','','ig.csic.es'),
 (262,'FT/WOK/10-338','Q2818002D','0000-00-00','0000-00-00',2,'0','','','ile.csic.es'),
 (263,'FT/WOK/10-339','Q2818002D','0000-00-00','0000-00-00',2,'0','','','Imm.cnm.csic.es'),
 (264,'FT/WOK/10-340','Q2818002D','0000-00-00','0000-00-00',2,'0','','','cajal.csic.es'),
 (40,'FT/WOK/09-1001','B99999777','0000-00-00','0000-00-00',5,'0','---','hola','cordaba.es'),
 (30,'FT/WOK/09-123','G07334494','0000-00-00','0000-00-00',5,NULL,'','fdsaf','dominio1151577849'),
 (24,'FT/WOK/09-101','A12345699','0000-00-00','2009-11-11',6,NULL,NULL,NULL,'cartuja93.es'),
 (46,'FT/WOK/10-125','B33323333','0000-00-00','0000-00-00',2,'0','','','uma.es'),
 (47,'FT/WOK/10-126','C12341234','0000-00-00','0000-00-00',4,'7000','','','bib.us.es'),
 (25,'FT/WOK/09-102','G07334495','0000-00-00','0000-00-00',4,'0','','','fcr.es'),
 (42,'FT/WOK/09-555','B23095481','0000-00-00','0000-00-00',7,NULL,NULL,NULL,'fecytaa.es'),
 (39,'FT/WOK/09-1000','B99999777','0000-00-00','2009-12-08',6,'0','0049-1737-18-2290031349','','geolit.es'),
 (36,'FT/WOK/09-161','B11111133','0000-00-00','0000-00-00',2,'0','','','labein.es'),
 (41,'FT/WOK/09-4567','V34567890','0000-00-00','0000-00-00',1,'1000','','','ochoa.fib.es'),
 (48,'FT/WOK/10-127','A12345671','0000-00-00','0000-00-00',2,'3000','','','uib.es'),
 (309,'FT/WOK/10-385','Q2818002D','0000-00-00','0000-00-00',2,'0','','','iiia.csic.es'),
 (310,'FT/WOK/10-386','Q2818002D','0000-00-00','0000-00-00',2,'0','','','imb.cnm.es'),
 (311,'FT/WOK/10-387','A12335678','0000-00-00','0000-00-00',2,'0','','','unia.es'),
 (312,'FT/WOK/10-388','B23095487','0000-00-00','0000-00-00',2,'2000','','','vicomtech.es'),
 (313,'FT/WOK/10-389','Q2818002D','0000-00-00','0000-00-00',2,'0','','','ccma.csic.es'),
 (314,'FT/WOK/10-390','Q2818002D','0000-00-00','0000-00-00',2,'0','','','icmab.es'),
 (315,'FT/WOK/10-391','Q2818002D','0000-00-00','0000-00-00',2,'0','','','cabd.upo.es'),
 (316,'FT/WOK/10-392','Q2818002D','0000-00-00','0000-00-00',2,'0','','','ibv.csic.es'),
 (317,'FT/WOK/10-393','Q2818002D','0000-00-00','0000-00-00',2,'0','','','ipna.csic.es'),
 (318,'FT/WOK/10-394','Q2818002D','0000-00-00','0000-00-00',2,'0','','','uclm.es'),
 (319,'FT/WOK/10-395','C98765432','0000-00-00','0000-00-00',2,'450','','','aneca.es'),
 (320,'FT/WOK/10-396','Q2818002D','0000-00-00','0000-00-00',2,'0','','','ipe.csic.es'),
 (281,'FT/WOK/10-357','A12345001','0000-00-00','0000-00-00',2,'0','','','azterlan.es'),
 (282,'FT/WOK/10-358','B11111122','0000-00-00','0000-00-00',2,'0','','','ikerlan.es'),
 (283,'FT/WOK/10-359','B33333322','0000-00-00','0000-00-00',2,'0','','','robotiker.com'),
 (284,'FT/WOK/10-360','C44444444','0000-00-00','0000-00-00',2,'2000','','','mondragon.edu'),
 (285,'FT/WOK/10-361','Q2818002D','0000-00-00','0000-00-00',2,'0','','','ieec.fcr.es'),
 (286,'FT/WOK/10-362','B11121111','0000-00-00','0000-00-00',2,'2005','','','ujaen.es'),
 (287,'FT/WOK/10-363','Q2818002D','0000-00-00','0000-00-00',2,'0','','','irnase.csic.es'),
 (288,'FT/WOK/10-364','Q2818002D','0000-00-00','0000-00-00',2,'0','','','iam.csic.es'),
 (289,'FT/WOK/10-365','Q2818002D','0000-00-00','0000-00-00',2,'0','','','gesalerico.ft.uam.es'),
 (290,'FT/WOK/10-366','Q2818002D','0000-00-00','0000-00-00',2,'0','','','hoffmeyer.ih.csic.es'),
 (291,'FT/WOK/10-367','Q2818002D','0000-00-00','0000-00-00',2,'0','','','ige.csic.es'),
 (292,'FT/WOK/10-368','Q2818002D','0000-00-00','0000-00-00',2,'0','','','iib.uam.es'),
 (293,'FT/WOK/10-369','Q2818002D','0000-00-00','0000-00-00',2,'0','','','imb.usal.es'),
 (294,'FT/WOK/10-370','Q2818002D','0000-00-00','0000-00-00',2,'0','','','biofisica.ehu.es'),
 (295,'FT/WOK/10-371','Q2818002D','0000-00-00','0000-00-00',2,'0','','','ucb-sevilla.es'),
 (296,'FT/WOK/10-372','Q2818002D','0000-00-00','0000-00-00',2,'0','','','cab.inta.es'),
 (297,'FT/WOK/10-373','Q2818002D','0000-00-00','0000-00-00',2,'0','','','cebas.bib.csic.es'),
 (266,'FT/WOK/10-342','Q2818002D','0000-00-00','0000-00-00',2,'0','','','iqfr.csic.es'),
 (267,'FT/WOK/10-343','Q2818002D','0000-00-00','0000-00-00',2,'0','','','irnasa.csic.es'),
 (268,'FT/WOK/10-344','Q28180020','0000-00-00','0000-00-00',2,'0','','','ifrio.csic.es'),
 (269,'FT/WOK/10-345','Q2818002D','0000-00-00','0000-00-00',2,'0','','','incar.csic.es'),
 (270,'FT/WOK/10-346','Q2818002D','0000-00-00','0000-00-00',2,'0','','','litec.csic.es'),
 (271,'FT/WOK/10-347','Q2818002D','0000-00-00','0000-00-00',2,'0','','','ott.cmima.csic.es'),
 (272,'FT/WOK/10-348','Q2818002D','0000-00-00','0000-00-00',2,'0','','','rjb.csic.es'),
 (273,'FT/WOK/10-349','Q2818002D','0000-00-00','0000-00-00',2,'0','','','csic.es'),
 (274,'FT/WOK/10-350','Q2818002D','0000-00-00','0000-00-00',2,'0','','','bicat.csic.es'),
 (275,'FT/WOK/10-351','Q2818002D','0000-00-00','0000-00-00',2,'0','','','cbic.csic.es'),
 (276,'FT/WOK/10-352','Q2818002D','0000-00-00','0000-00-00',2,'0','','','ias.csic.es'),
 (277,'FT/WOK/10-353','Q2818002D','0000-00-00','0000-00-00',2,'0','','','iesam.csic.es'),
 (278,'FT/WOK/10-354','Q2818002D','0000-00-00','0000-00-00',2,'0','','','iaa.es'),
 (279,'FT/WOK/10-355','Q2818002D','0000-00-00','0000-00-00',2,'0','','','mncn.csic.es'),
 (280,'FT/WOK/10-356','B12345679','0000-00-00','0000-00-00',2,'0','','','aiica.com'),
 (148,'FT/WOK/10-227','C12341235','0000-00-00','0000-00-00',2,'0','','','uca.es'),
 (149,'FT/WOK/10-228','Q2818002D','0000-00-00','0000-00-00',2,'0','','','in.umh.es'),
 (150,'FT/WOK/10-229','Q2818002D','0000-00-00','0000-00-00',2,'0','','','imedea.uib.es'),
 (151,'FT/WOK/10-230','Q2818002D','0000-00-00','0000-00-00',2,'0','','','offiact.ugr.es'),
 (152,'FT/WOK/10-231','Q2818002D','0000-00-00','0000-00-00',2,'0','','','iu.historia.ciencia.uv.es'),
 (153,'FT/WOK/10-232','Q2818002D','0000-00-00','0000-00-00',2,'0','','','cide.uv.es'),
 (154,'FT/WOK/10-233','Q2818002D','0000-00-00','0000-00-00',2,'0','','','itq.upv.es'),
 (155,'FT/WOK/10-234','Q2818002D','0000-00-00','0000-00-00',2,'0','','','io.cfmac.csic.es'),
 (156,'FT/WOK/10-235','Q2818002D','0000-00-00','0000-00-00',2,'0','','','ucb-valencia.es'),
 (157,'FT/WOK/10-236','Q2818002D','0000-00-00','0000-00-00',2,'0','','','iata.csic.es'),
 (158,'FT/WOK/10-237','Q2818002D','0000-00-00','0000-00-00',2,'0','','','eelm.csic.es'),
 (159,'FT/WOK/10-238','Q2818002D','0000-00-00','0000-00-00',2,'0','','','ibgm.med.uva.es'),
 (160,'FT/WOK/10-239','Q2818002D','0000-00-00','0000-00-00',2,'0','','','eae.csic.es'),
 (161,'FT/WOK/10-240','Q2818002D','0000-00-00','0000-00-00',2,'0','','','eead.csic.es'),
 (162,'FT/WOK/10-241','Q2818002D','0000-00-00','0000-00-00',2,'0','','','mbg.csic.es'),
 (163,'FT/WOK/10-242','Q2818002D','0000-00-00','0000-00-00',2,'0','','','ufm.csic.es'),
 (164,'FT/WOK/10-243','Q2818002D','0000-00-00','0000-00-00',2,'0','','','cfmac.csic.es'),
 (165,'FT/WOK/10-244','Q2818002D','0000-00-00','0000-00-00',2,'0','','','cicancer.org'),
 (166,'FT/WOK/10-245','V34567890','0000-00-00','0000-00-00',2,'1000','','','ochoa.fib.es'),
 (167,'FT/WOK/10-246','Q2818002D','0000-00-00','0000-00-00',2,'0','','','imf.csic.es'),
 (168,'FT/WOK/10-247','B88998899','0000-00-00','0000-00-00',2,'0','','','cehipar.es'),
 (169,'FT/WOK/10-248','Q2818002D','0000-00-00','0000-00-00',2,'0','','','cindoc.csic.es'),
 (265,'FT/WOK/10-341','Q2818002D','0000-00-00','0000-00-00',2,'0','','','ipb.csic.es'),
 (171,'FT/WOK/10-250','Q2818002D','0000-00-00','0000-00-00',2,'0','','','cna.us.es'),
 (172,'FT/WOK/10-251','Q2818002D','0000-00-00','0000-00-00',2,'0','','','eez.csic.es'),
 (173,'FT/WOK/10-252','Q2818002D','0000-00-00','0000-00-00',2,'0','','','ipla.csic.es'),
 (174,'FT/WOK/10-253','A12345670','0000-00-00','0000-00-00',2,'0','','','mec.es'),
 (175,'FT/WOK/10-254','Q2818002D','0000-00-00','0000-00-00',2,'0','','','iiqab.csic.es'),
 (176,'FT/WOK/10-255','Q2818002D','0000-00-00','0000-00-00',2,'0','','','mail.bcn.es'),
 (177,'FT/WOK/10-256','Q2818002D','0000-00-00','0000-00-00',2,'0','','','obsebre.es'),
 (178,'FT/WOK/10-257','Q2818002D','0000-00-00','0000-00-00',2,'0','','','ifca.unican.es'),
 (179,'FT/WOK/10-258','Q2818002D','0000-00-00','0000-00-00',2,'0','','','bib.csic.es/coleccpreh'),
 (180,'FT/WOK/10-259','Q2818002D','0000-00-00','0000-00-00',2,'0','','','dd.es'),
 (181,'FT/WOK/10-260','Q2818002D','0000-00-00','0000-00-00',2,'0','','','ddll.we'),
 (182,'FT/WOK/10-261','Q2818002D','0000-00-00','0000-00-00',2,'0','','','prueba.es'),
 (183,'FT/WOK/10-262','Q2818002D','0000-00-00','0000-00-00',2,'0','','','prueba1'),
 (184,'FT/WOK/10-263','Q2818002D','0000-00-00','0000-00-00',2,'0','','','prueba.des.com'),
 (185,'FT/WOK/10-264','Q2818002D','0000-00-00','0000-00-00',2,'0','','','prueba2.com'),
 (186,'FT/WOK/10-265','Q2818002D','0000-00-00','0000-00-00',2,'0','','','prueba3.com'),
 (187,'FT/WOK/10-266','Q2818002D','0000-00-00','0000-00-00',2,'0','','','prueba4.com'),
 (188,'FT/WOK/10-267','Q2818002D','0000-00-00','0000-00-00',2,'0','','','prueba5.com'),
 (189,'FT/WOK/10-268','Q2818002D','0000-00-00','0000-00-00',2,'0','','','prueba6.com'),
 (190,'FT/WOK/10-269','Q2818002D','0000-00-00','0000-00-00',2,'0','','','prueba7.com'),
 (191,'FT/WOK/10-270','Q2818002D','0000-00-00','0000-00-00',2,'0','','','prueba8.com'),
 (192,'FT/WOK/10-271','Q2818002D','0000-00-00','0000-00-00',2,'0','','','prueba9.com'),
 (193,'FT/WOK/10-272','Q2818002D','0000-00-00','0000-00-00',2,'0','','','prueba10.com'),
 (194,'FT/WOK/10-273','Q2818002D','0000-00-00','0000-00-00',2,'0','','','prueba11.com'),
 (195,'FT/WOK/10-274','Q2818002D','0000-00-00','0000-00-00',2,'0','','','prueba12.com'),
 (196,'FT/WOK/10-275','Q2818002D','0000-00-00','0000-00-00',2,'0','','','prueba13.com'),
 (197,'FT/WOK/10-276','Q2818002D','0000-00-00','0000-00-00',2,'0','','','prueba14.com'),
 (198,'FT/WOK/10-277','Q2818002D','0000-00-00','0000-00-00',2,'0','','','prueba15.com'),
 (199,'FT/WOK/10-278','Q2818002D','0000-00-00','0000-00-00',2,'0','','','prueba16.com'),
 (200,'FT/WOK/10-279','Q2818002D','0000-00-00','0000-00-00',2,'0','','','prueba18.com'),
 (201,'FT/WOK/10-280','Q2818002D','0000-00-00','0000-00-00',2,'0','','','prueba19.com'),
 (202,'FT/WOK/10-281','Q2818002D','0000-00-00','0000-00-00',2,'0','','','prueba20.com'),
 (203,'FT/WOK/10-282','Q2818002D','0000-00-00','0000-00-00',2,'0','','','prueba21.com'),
 (204,'FT/WOK/10-283','Q2818002D','0000-00-00','0000-00-00',2,'0','','','rossprueba.com'),
 (205,'FT/WOK/10-284','Q2818002D','0000-00-00','0000-00-00',2,'0','','','prueba23.es'),
 (206,'FT/WOK/10-285','Q2818002D','0000-00-00','0000-00-00',2,'0','','','prueba24.com'),
 (207,'FT/WOK/10-286','Q2818002D','0000-00-00','0000-00-00',2,'0','','','preuba.net'),
 (208,'FT/WOK/10-287','b12345678','0000-00-00','0000-00-00',2,'0','','','diu.es'),
 (209,'FT/WOK/10-288','B98765433','0000-00-00','0000-00-00',2,'0','','','test3.es'),
 (210,'FT/WOK/10-289','B12345678','0000-00-00','0000-00-00',2,'0','','','prueba22.es'),
 (211,'FT/WOK/10-290','B98765432','0000-00-00','0000-00-00',2,'0','','','test11.es'),
 (212,'FT/WOK/10-291','B33333433','0000-00-00','0000-00-00',2,'0','','','nueva.es'),
 (213,'FT/WOK/10-292','b12345678','0000-00-00','0000-00-00',2,'0','','','www.aa.es'),
 (214,'FT/WOK/10-293','B98765435','0000-00-00','0000-00-00',2,'0','','','test21.es'),
 (338,'FT/WOK/10-344','D88888888','0000-00-00','2010-02-24',6,'900',NULL,NULL,'cica.es'),
 (216,'FT/WOK/10-295','B11111132','0000-00-00','0000-00-00',2,'0','','','test12.es'),
 (217,'FT/WOK/10-296','B33333332','0000-00-00','0000-00-00',2,'0','','','micentro.es'),
 (218,'FT/WOK/10-297','Q2818002D','0000-00-00','0000-00-00',2,'0','','','testCSIC3.es'),
 (219,'FT/WOK/10-298','B21111111','0000-00-00','0000-00-00',2,'0','','','miuni.es'),
 (220,'FT/WOK/10-299','Q2818002D','0000-00-00','0000-00-00',2,'0','','','esteconespacios'),
 (221,'FT/WOK/10-300','L99999999','0000-00-00','0000-00-00',2,'0','','','instNuevadom.es'),
 (222,'FT/WOK/10-301','B23095481','0000-00-00','0000-00-00',2,'0','','','fecytaa.es'),
 (223,'FT/WOK/10-302','D88888888','0000-00-00','0000-00-00',2,'0','','','pruebaOrg1.es'),
 (224,'FT/WOK/10-303','D88888888','0000-00-00','0000-00-00',2,'0','','','pruebaOrg2.es'),
 (321,'FT/WOK/10-397','Q2818002D','0000-00-00','0000-00-00',2,'0','','','iae-csic.uab.es'),
 (322,'FT/WOK/10-398','Q2818002D','0000-00-00','0000-00-00',2,'0','','','ih.csic.es'),
 (323,'FT/WOK/10-399','Q2818002D','0000-00-00','0000-00-00',2,'0','','','ieiop.com'),
 (324,'FT/WOK/10-400','Q2818002D','0000-00-00','0000-00-00',2,'0','','','iri.upc.es'),
 (325,'FT/WOK/10-401','Q2818002D','0000-00-00','0000-00-00',2,'0','','','cbm.uam.es'),
 (326,'FT/WOK/10-402','Q2818002D','0000-00-00','0000-00-00',2,'0','','','iiag.csic.es'),
 (327,'FT/WOK/10-403','Q2818002D','0000-00-00','0000-00-00',2,'0','','','cartuja.csic.es'),
 (328,'FT/WOK/10-404','B11111133','0000-00-00','0000-00-00',2,'0','','','labein.es'),
 (329,'FT/WOK/10-405','B9876549','0000-00-00','0000-00-00',2,'1234','','','udc.es'),
 (330,'FT/WOK/10-406','A12345699','0000-00-00','0000-00-00',2,'0','','','cartuja93.es'),
 (333,'FT/WOK/10-999','B99999777','0000-00-00','0000-00-00',5,'200','---','hola','cordaba.es'),
 (332,'FT/WOK/10-408','B99999777','0000-00-00','0000-00-00',5,'0','---','hola','cordaba.es'),
 (334,'FT/WOK/10-1000','B99999777','0000-00-00','0000-00-00',2,'0','','','geolit.es'),
 (335,'FT/WOK/09-555','Q2818002D','0000-00-00','0000-00-00',2,'300',NULL,NULL,'csic.es'),
 (336,'FT/WOK/10-1000','B78654322','0000-00-00','0000-00-00',2,'0','','','bcnecologia.net'),
 (337,'FT/WOK/10-111','D99999999','0000-00-00','2010-02-09',6,'709',NULL,NULL,'pcc.es'),
 (339,'FT/WOK/09-335','B78654322','0000-00-00','0000-00-00',2,'500',NULL,NULL,'bcnecologia.net'),
 (340,'FT/WOK/10-1000','D88888888','0000-00-00','0000-00-00',2,'0','','','unaqme'),
 (341,'FT/WOK/10-101','apellidos','0000-00-00','0000-00-00',2,'0','','','ppruebaAure.com'),
 (342,'FT/WOK/10-101','apellidos','0000-00-00','0000-00-00',2,'0','','','pruebaotravez.com.com');
UNLOCK TABLES;
/*!40000 ALTER TABLE `contratos` ENABLE KEYS */;


--
-- Definition of table `facturacion`.`estados`
--

DROP TABLE IF EXISTS `facturacion`.`estados`;
CREATE TABLE  `facturacion`.`estados` (
  `id` int(11) NOT NULL auto_increment,
  `descripcion` varchar(50) NOT NULL default '',
  PRIMARY KEY  (`id`)
) ENGINE=MyISAM DEFAULT CHARSET=latin1;

--
-- Dumping data for table `facturacion`.`estados`
--

/*!40000 ALTER TABLE `estados` DISABLE KEYS */;
LOCK TABLES `estados` WRITE;
INSERT INTO `facturacion`.`estados` VALUES  (5,'rellenado'),
 (4,'recibido'),
 (3,'pagado'),
 (2,'inicial'),
 (1,'pendiente'),
 (6,'enviado'),
 (7,'recibido_inc'),
 (8,'anulado'),
 (9,'Recibido_email');
UNLOCK TABLES;
/*!40000 ALTER TABLE `estados` ENABLE KEYS */;


--
-- Definition of table `facturacion`.`facturas`
--

DROP TABLE IF EXISTS `facturacion`.`facturas`;
CREATE TABLE  `facturacion`.`facturas` (
  `id` int(11) NOT NULL default '0',
  `num_fact` varchar(8) NOT NULL default '0',
  `ccf` int(11) default NULL,
  `contrato_id` varchar(14) default NULL,
  `estado_id` int(11) NOT NULL default '0',
  `fecha_fact` date NOT NULL default '0000-00-00',
  `baseIva` double default NULL,
  `iva` double default NULL,
  `cuotaIva` double default NULL,
  `importe` double default NULL,
  `fecha_pago` date NOT NULL default '0000-00-00',
  PRIMARY KEY  (`id`)
) ENGINE=MyISAM DEFAULT CHARSET=latin1 ROW_FORMAT=DYNAMIC;

--
-- Dumping data for table `facturacion`.`facturas`
--

/*!40000 ALTER TABLE `facturas` DISABLE KEYS */;
LOCK TABLES `facturas` WRITE;
INSERT INTO `facturacion`.`facturas` VALUES  (12,'4568',23456789,'FT/WOK/09-4567',3,'2010-03-13',450,16,46,500,'0000-00-00'),
 (13,'4568',23123456,'FT/WOK/09-555',1,'2010-03-13',450,16,46,500,'0000-00-00'),
 (14,'45683',23123456,'FT/WOK/09-104',3,'2011-03-13',450,16,46,500,'2010-04-13'),
 (9,'1',1,'FT/WOK/09-102',1,'2009-12-12',1,1,1,1,'0000-00-00'),
 (11,'200-90',99999,'FT/WOK/09-002',1,'2009-12-01',88,19,88,88,'0000-00-00'),
 (2,'100-2',430010044,'FT/WOK/09-157',1,'2009-12-02',250,16,40,290,'0000-00-00'),
 (3,'100-1',NULL,'',1,'2010-01-10',NULL,NULL,NULL,300,'0000-00-00'),
 (1,'100-1',430010093,'FT/WOK/09-444',1,'2009-12-02',1000,16,60,580,'0000-00-00'),
 (15,'90-899',999,'FT/WOK/10-383',1,'2010-02-12',88,88,88,88,'0000-00-00'),
 (16,'343412',23123456,'FT/WOK/10-1000',3,'2010-03-13',450,16,46,500,'2010-04-13'),
 (17,'34342',23456789,'FT/WOK/09-335',1,'2010-03-13',450,16,46,500,'2010-04-13'),
 (18,'343419',111111111,'FT/WOK/10-356',1,'2010-03-13',450,16,46,500,'2010-04-13');
UNLOCK TABLES;
/*!40000 ALTER TABLE `facturas` ENABLE KEYS */;


--
-- Definition of table `facturacion`.`instituciones`
--

DROP TABLE IF EXISTS `facturacion`.`instituciones`;
CREATE TABLE  `facturacion`.`instituciones` (
  `id_inst` int(11) NOT NULL auto_increment,
  `dominio` varchar(100) default NULL,
  `nombre` longtext,
  `consorcio_id` int(11) NOT NULL default '1',
  `resp_pago` tinyint(1) NOT NULL default '0',
  `org_id` int(11) default '0',
  `ccaa_id` int(11) default NULL,
  PRIMARY KEY  (`id_inst`)
) ENGINE=MyISAM DEFAULT CHARSET=utf8;

--
-- Dumping data for table `facturacion`.`instituciones`
--

/*!40000 ALTER TABLE `instituciones` DISABLE KEYS */;
LOCK TABLES `instituciones` WRITE;
INSERT INTO `facturacion`.`instituciones` VALUES  (2,'dominio643','Centro Tecnológico Agroalimentario de Extremadura CTAEX',1,0,3,10),
 (3,'dominio108','Centro Tecnológico Multimedia (CTMM). Universidad de Salamanca',1,0,6,NULL),
 (4,'dominio197','Centro de Innovación Tecnológica del Medio Ambiente (CITMA)',1,0,6,NULL),
 (5,'dominio763','Centro de Mantenimiento del Transporte CMT',1,0,6,NULL),
 (6,'dominio238','Centro de Referencia en Biotecnología (CERBA)',1,0,6,NULL),
 (7,'dominio119','Centro de Referencia en Tecnología de Alimentos de la Generalitat de Catalunya CERTA',1,0,6,NULL),
 (8,'dominio265','Centro de Transfusión de la Comunidad Valenciana. Conselleria de Sanitat. Generalitat Valenciana',1,0,7,NULL),
 (9,'dominio103','Centro de investigación del Medio Ambiente (CIMA)',1,0,6,NULL),
 (10,'dominio301','Clínica La Milagrosa',1,0,7,NULL),
 (11,'dominio302','Clínica Moncloa',1,0,7,NULL),
 (12,'dominio307','Clínica Universitaria Odontológica. Universidad Europea de Madrid',1,0,7,NULL),
 (13,'dominio314','Clínica Universitaria de Navarra. Universidad de Navarra (UN)',1,0,7,NULL),
 (14,'dominio282','Complexo Hospitalario de Ourense. Servicio Galego de Saúde (SERGAS). Consellería de Sanidade e Servicios Sociais. Xunta de Galicia',1,0,7,NULL),
 (15,'dominio656','Consejería de Ciencia y Tecnología de la Junta de Comunidades de Castilla-La Mancha',1,0,6,NULL),
 (16,'dominio487','Dirección General de Explotaciones Agrarias. Junta de Extremadura',1,0,3,NULL),
 (17,'dominio488','Dirección General de Innovación Agraria y Ganadería Consejería de Agricultura, pesca y alimentación. Valencia',1,0,3,NULL),
 (18,'dominio489','Dirección General de Investigación Agropesquera y Alimentaria. Departamento de Agricultura y Pesca del Gobierno Vasco.',1,0,3,NULL),
 (19,'dominio256','Fundación La Marató de TV3',1,0,7,NULL),
 (20,'dominio240','Fundación August Pi i Sunyer (ICS - DSSS)',1,0,7,NULL),
 (21,'dominio151','Fundación Empresa Universidad Gallega (FEUGA)',1,0,6,NULL),
 (22,'dominio189','Fundación Europea Software Institute (ESI)',1,0,6,NULL),
 (23,'dominio281','Fundación Hospital Verín. Consellería de Sanidade e Servicios Sociais. Xunta de Galicia',1,0,7,NULL),
 (24,'dominio247','Fundación Privada del Hospital Universitario de Tarragona Joan XXIII (ICS - DSSS)',1,0,7,NULL),
 (25,'dominio246','Fundación para la Investigación Biomédica Germans Trias i Pujol (ICS - DSSS)',1,0,7,NULL),
 (26,'dominio533','Instituto de Salud Carlos III. Fundación para la Cooperación y Salud Internacional CSAI',1,0,5,NULL),
 (27,'dominio742','Jardín Botánico Canario Viera y Clavijo JBCVC. Cabildo Insular de Gran Canaria',1,0,6,NULL),
 (28,'dominio117','Laboratorio General de Ensayos e Investigaciones (LGAI). Generalitat de Catalunya',1,0,6,NULL),
 (31,'dominio222','Hospital Clínica Roca',1,0,7,NULL),
 (32,'dominio263','Hospital Clínico Universitario de Valencia. Conselleria de Sanitat. Generalitat Valenciana',1,0,7,NULL),
 (33,'dominio228','Hospital Comarcal de Laredo. Consejería de Sanidad, Consumo y Servicios Sociales. Gobierno de Cantabria',1,0,7,NULL),
 (34,'dominio269','Hospital Dr.Peset. Conselleria de Sanitat. Generalitat Valenciana',1,0,7,NULL),
 (35,'dominio276','Hospital La Magdalena Castellón. Conselleria de Sanitat. Generalitat Valenciana',1,0,7,NULL),
 (36,'dominio304','Hospital Madrid-Montepríncipe',1,0,7,NULL),
 (37,'dominio300','Hospital Ruber',1,0,7,NULL),
 (38,'dominio215','Hospital San Agustín de Avilés. Consejeria de Salud y Servicios Sanitarios. Gobierno del Principado de Asturias',1,0,7,NULL),
 (39,'dominio226','Hospital Universitario de Canarias Nuestra Señora de la Candelaria',1,0,7,NULL),
 (40,'dominio270','Hospital Virgen de los Lirios. Conselleria de Sanitat. Generalitat Valenciana',1,0,7,NULL),
 (41,'dominio317','Hospital de Bermeo. Servicio Vasco de Salud (Osakidetza). Departamento de Sanidad (Osasun Saila). Gobierno Vasco',1,0,7,NULL),
 (42,'dominio303','Hospital de Madrid',1,0,7,NULL),
 (43,'dominio274','Hospital de Ontinyent. Conselleria de Sanitat. Generalitat Valenciana',1,0,7,NULL),
 (44,'dominio216','Hospital de Oriente de Asturias \"Francisco Grande Covián\". Consejeria de Salud y Servicios Sanitarios. Gobierno del Principado de Asturias',1,0,7,NULL),
 (45,'dominio329','IHOBE Sociedad Pública de Gestión Ambiental',1,0,6,NULL),
 (46,'dominio756','INVEMA. Fundación de Investigación de la máquina herramienta',1,0,6,NULL),
 (47,'dominio163','Instituto Gemológico Español',1,0,6,NULL),
 (48,'dominio545','Instituto Geográfico Nacional. IGN',1,0,5,NULL),
 (49,'dominio546','Instituto Geográfico Nacional. IGN. Centro Nacional de Información Sísmica CNIS',1,0,5,NULL),
 (50,'dominio308','Instituto Madrileño de Oncología (IMO) - Unidad de Oncología, Radioterapia y Radiocirugía. San Francisco de Asís',1,0,7,NULL),
 (51,'dominio494','Instituto de Calidad Agroalimentaria de la Rioja',1,0,3,NULL),
 (52,'dominio160','Instituto de Electrónica Aplicada Pedro Barrié de la Maza',1,0,6,NULL),
 (53,'dominio475','Parque Científico de León',1,0,6,NULL),
 (54,'parquemurcia.com','Parque Científico de Murcia',1,1,6,NULL),
 (55,'dominio463','Parque Científico y Tecnológico de la UAB. Biocampus',1,0,6,NULL),
 (56,'dominio113','Parque Tecnológico de Boecillo',1,0,6,NULL),
 (57,'dominio150','Parque Tecnológico de Galicia (PTG)',1,0,6,NULL),
 (58,'dominio465','Parque de Innovación Tecnológica y Empresarial La Salle',1,0,6,NULL),
 (59,'dominio759','Valencia Parque Tecnológico',1,0,6,NULL),
 (60,'ceit.es','Centro de Estudios e Investigaciones Técnicas de Guipúzcoa (CEIT)',1,0,6,NULL),
 (794,'pruebaRFHORG.es','pruebaRFHORG',1,0,2,NULL),
 (62,'ciemat.es','Centro de Investigaciones Energéticas, Medioambientales y Tecnológicas. CIEMAT. Centro de la Moncloa',1,0,5,NULL),
 (63,'siam-cma.org','Centro de Investigaciones Forestales y Ambientales',1,0,3,NULL),
 (64,'cvc.uab.es','Centro de Visión por Computador (CVC)',1,0,6,NULL),
 (65,'ctmedioambiente.es','Centro Tecnológico de Medio Ambiente de la Región de Murcia',1,0,6,NULL),
 (66,'cetmar.org','Centro Tecnológico del Mar - Fundación CETMAR',1,0,6,NULL),
 (67,'ctfc.es','Centro Tecnológico Forestal de Cataluña',1,0,6,NULL),
 (68,'anfaco.es','Centro Tecnológico Nacional de Conservación de Productos de Pesca (ANFACO-CECOPESCA)',1,0,6,NULL),
 (69,'csdt.es','Consorci Sanitari de Terrassa',1,0,7,NULL),
 (70,'bugalicia.org','Consorcio de Bibliotecas Universitarias de Galicia BUGALICIA',1,0,6,NULL),
 (71,'gencat.net','Departament de Salut de la Generalitat de Catalunya',1,0,7,NULL),
 (72,'ej-gv.es','Departamento de Sanidad del Gobierno Vasco-  Vitoria',1,0,7,NULL),
 (73,'caib.es','Dirección General de Agricultura. Consejería de Agricultura y Pesca. Gobierno Balear',1,0,3,NULL),
 (74,'esade.es','ESADE Escuela Superior de Administración de Empresas',1,0,6,NULL),
 (75,'euve.org','EUVE Fundación European Virtual Engineering',1,0,6,NULL),
 (76,'itg.es','Fundación Instituto Tecnológico de Galicia (ITG)',1,0,6,NULL),
 (77,'leia.es','Fundación Leia',1,0,6,NULL),
 (78,'cspt.es','Fundación Parc Taulí (CSPT)',1,0,7,NULL),
 (79,'tekniker.es','Fundación Tekniker',1,0,6,NULL),
 (80,'gaiker.es','Gaiker Centro Tecnológico',1,0,6,NULL),
 (81,'hospitalclinic.org','Hospital Clínic. Corporació Sanitària Clínic',1,0,7,NULL),
 (82,'hospitalcruces.org','Hospital de Cruces. Servicio Vasco de Salud (Osakidetza). Departamento de Sanidad (Osasun Saila). Gobierno Vasco',1,0,7,NULL),
 (83,'hsjsbcn.org','Hospital Sant Joan de Deu',1,0,7,NULL),
 (84,'ideko.es','IDEKO S. COOP.',1,0,6,NULL),
 (85,'iciq.es','Institut Catalá dInvestigació Química ICIQ',1,0,6,NULL),
 (86,'iat.es','Instituto Andaluz de Tecnología (IAT)',1,0,6,NULL),
 (87,'aragon.es','Instituto Bibliográfico Aragonés',1,0,6,NULL),
 (88,'iac.es','Instituto de Astrofísica de Canarias (IAC). Ministerio de Ciencia y Tecnología - Comunidad Autónoma de Canarias',1,0,5,NULL),
 (89,'idi-cat.org','Instituto de Diagnóstico por la Imagen (IDI)',1,0,7,NULL),
 (90,'itec.es','Instituto de Tecnología de la Construcción de Cataluña (ITeC)',1,0,6,NULL),
 (91,'ba.ieo.es','Instituto Español de Oceanografía. IEO. Centro Oceanográfico de Baleares',1,0,5,NULL),
 (92,'gi.ieo.es','Instituto Español de Oceanografía. IEO. Centro Oceanográfico de Gijón',1,0,5,NULL),
 (93,'mu.ieo.es','Instituto Español de Oceanografía. IEO. Centro Oceanográfico de Murcia',1,0,5,NULL),
 (94,'st.ieo.es','Instituto Español de Oceanografía. IEO. Centro Oceanográfico de Santander',1,0,5,NULL),
 (95,'md.ieo.es','Instituto Español de Oceanografía. IEO. Sede Central Madrid',1,0,5,NULL),
 (96,'oan.es','Instituto Geográfico Nacional. Observatorio Astronómico Nacional (OAN)',1,0,5,NULL),
 (97,'march.es','Instituto Juan March',1,0,6,NULL),
 (98,'imasbcn.com','Instituto Municipal de Asistencia Sanitària (IMAS)',1,0,7,NULL),
 (99,'imim.es','Instituto Municipal de Investigación Médica (IMIM)',1,0,7,NULL),
 (100,'inia.es','Instituto Nacional de Investigación y Tecnología Agraria y Alimentaria. INIA',1,0,5,NULL),
 (101,'inm.es','Instituto Nacional de Meteorología',1,0,6,NULL),
 (102,'inta.es','Instituto Nacional de Técnica Aeroespacial Esteban Terradas. INTA',1,0,5,NULL),
 (103,'mju.es','Instituto Nacional de Toxicología y Ciencias Forenses',1,0,4,NULL),
 (104,'jcyl.es','Instituto Tecnológico Agrario de Castilla y León',1,0,3,NULL),
 (105,'iti.upv.es','Instituto Tecnológico de Informática ITI',1,0,6,NULL),
 (106,'iteb.es','Instituto Tecnológico de la Bisutería (ITB)',1,0,6,NULL),
 (107,'itma.es','Instituto Tecnológico de Materiales ITMA (Fundación ITMA)',1,0,6,NULL),
 (108,'inescop.es','Instituto Tecnológico del Calzado y Conexas INESCOP',1,0,6,NULL),
 (109,'azti.es','Instituto Tecnológico Pesquero y Alimentario - Fundación AZTI (AZTIFUNDAZIOA)',1,0,6,NULL),
 (110,'aitex.es','Instituto Tecnológico Textil AITEX',1,0,6,NULL),
 (111,'ivia.es','Instituto Valenciano de Investigaciones Agrarias (IVIA)',1,0,3,NULL),
 (112,'koniker.coop','KONIKER S. COOP.',1,0,6,NULL),
 (113,'opti.org','Observatorio de Prospectiva Tecnológica Industrial OPTI',1,0,6,NULL),
 (114,'pcb.ub.es','Parque Científico de Barcelona',1,0,6,NULL),
 (115,'pctua.org','Parque Científico Tecnológico de Alcalá',1,0,6,NULL),
 (116,'pas.udg.edu','Parque Científico Tecnológico de la UDG',1,0,6,NULL),
 (117,'miramon.es','Parque Tecnológico de San Sebastián',1,0,6,NULL),
 (118,'saretek.net','SARETEK Red Vasca de Tecnología e Innovación',1,0,6,NULL),
 (119,'sofiex.es','Sociedad de Fomento Industrial Extremadura S.A.',1,0,6,NULL),
 (120,'abatoliba.edu','Universidad Abat Oliba CEU',1,0,2,NULL),
 (121,'uc3m.es','Universidad Carlos III de  Madrid',1,0,2,NULL),
 (122,'ucam.edu','Universidad Católica San Antonio de Murcia',1,0,2,NULL),
 (123,'ubu.es','Universidad de Burgos',1,0,2,NULL),
 (124,'buc.unican.es','Universidad de Cantabria',1,0,2,NULL),
 (125,'uco.es','Universidad de Córdoba',1,0,2,NULL),
 (126,'biblioteca.deusto.es','Universidad de Deusto',1,0,2,NULL),
 (127,'unex.es','Universidad de Extremadura',1,0,2,NULL),
 (128,'uhu.es','Universidad de Huelva',1,0,2,NULL),
 (129,'biblioteca.ulpgc.es','Universidad de las Palmas de Gran Canaria',1,0,2,NULL),
 (130,'unileon.es','Universidad de León',1,0,2,NULL),
 (131,'cartif.es','Centro de Automatización, Robótica, Tecnología de la Información y de la Fabricación (CARTIF)',1,0,6,NULL),
 (132,'uma.es','Universidad de Málaga',1,0,2,NULL),
 (133,'um.es','Universidad de Murcia',1,0,2,NULL),
 (134,'uniovi.es','Universidad de Oviedo',1,0,2,NULL),
 (135,'usal.es','Universidad de Salamanca',1,0,2,NULL),
 (136,'bib.us.es','Universidad de Sevilla',1,1,2,NULL),
 (137,'almena.uva.es','Universidad de Valladolid',1,0,2,NULL),
 (138,'ehu.es','Universidad del Pais Vasco/Euskal Herriko Unibertsitatea',1,0,2,NULL),
 (139,'umh.es','Universidad Miguel Hernández',1,0,2,NULL),
 (140,'bib.upct.es','Universidad Politécnica de Cartagena',1,0,2,NULL),
 (141,'upsam.com','Universidad Pontificia de Salamanca. Campus Madrid',1,0,2,NULL),
 (142,'urv.es','Universidad Rovira i Virgili',1,0,2,NULL),
 (143,'uib.es','Universitat de les Illes Balears',1,0,2,NULL),
 (144,'bib.sespa.princast.es','Centros de Atención Primaria- Admón. 5. Biblioteca Luciano Castañón. Servicio de Salud del Principado de Asturias',1,0,7,NULL),
 (145,'sergas.es','Complejo Hospitalario Arquitecto Marcide- Prof. Novoa Santos. SERGAS',1,0,7,NULL),
 (146,'otri.upco.es','Universidad Pontificia de Comillas OTRI',1,0,6,NULL),
 (147,'chp.sergas.es','Complexo Hospitalario de Pontevedra. SERGAS',1,0,7,NULL),
 (148,'sescam.es','Consejería de Sanidad de Castilla-La Mancha. SESCAM',1,0,7,NULL),
 (149,'carm.es','Consejería de Sanidad de la Región de Murcia',1,0,7,NULL),
 (150,'hguv.org','Consorcio Hospital General Universitario',1,0,7,NULL),
 (151,'iccc.es','Consorcio Instituto Catalán de Ciencias Cardiovasculares',1,0,7,NULL),
 (152,'htrueta.scs.es','Fundación Dr. Josep Trueta (ICS - DSSS)',1,0,7,NULL),
 (153,'mutuaterrassa.es','Fundación Mutua de Terrassa',1,0,7,NULL),
 (154,'hospitaldeviladecans.com','Fundación para la Docencia y la Investigación. Hospital Viladecans (ICS - DSSS)',1,0,7,NULL),
 (155,'arnau.scs.es','Fundación Dr. Pifarré (ICS-DSSS). Hospital Universitario de Lleida Arnau de Vilanova',1,0,7,NULL),
 (156,'hospitaldecee.sergas.es','Fundación Pública Hospital Virxe da Xunqueira',1,0,7,NULL),
 (157,'bioef.org','Fundación Vasca de Innovación e Investigación Sanitarias',1,0,7,NULL),
 (158,'hcarlosiii.com','Hospital Carlos III',1,0,7,NULL),
 (159,'hca.es','Hospital Central de Asturias. Consejería de Salud y Servicios Sanitarios. Gobierno del Principado de Asturias',1,0,7,NULL),
 (160,'hcsc.salud.madrid.org','Hospital Clínico San Carlos. Consejería de Sanidad. Comunidad Autónoma de Madrid',1,0,7,NULL),
 (161,'hcuv.sacyl.es','Hospital Clinico Universitario de Valladolid',1,0,7,NULL),
 (162,'hlaplana.gva.es','Hospital de La Plana. Conselleria de Sanitat. Generalitat Valenciana',1,0,7,NULL),
 (163,'hospital-ribera.com','Hospital de la Ribera. Conselleria de Sanitat. Generalitat Valenciana',1,0,7,NULL),
 (164,'hmda.ses.juntaex.es','Hospital de Mérida. Extremadura',1,0,7,NULL),
 (165,'hmtl.salud.madrid.org','Hospital de Móstoles',1,0,7,NULL),
 (166,'hospitalnj.teleline.es','Hospital del Niño Jesús. Consejería de Sanidad. Comunidad Autónoma de Madrid',1,0,7,NULL),
 (167,'meixoeiro.sergas.es','Hospital do Meixoeiro. Servicio Galego de Saúde (SERGAS). Consellería de Sanidade e Servicios Sociais. Xunta de Galicia',1,0,7,NULL),
 (168,'hg-albacete.sescam.org','Hospital General de Albacete. SESCAM',1,0,7,NULL),
 (169,'hgcs.san.gva.es','Hospital General de Castellón. Conselleria de Sanitat. Generalitat Valenciana',1,0,7,NULL),
 (170,'hguniv-elchesan.gva.es','Hospital General Universitario de Elche. Conselleria de Sanitat. Generalitat Valenciana',1,0,7,NULL),
 (171,'hospitalnicolaspena.com','Hospital Nicolás Peña. Sergas',1,0,7,NULL),
 (172,'hns-alarcos.sescam.org','Hospital \'Nuestra Señora de Alarcos\'. SESCAM',1,0,7,NULL),
 (173,'hrc.es','Hospital Ramón y Cajal. Consejería de Sanidad. Comunidad Autónoma de Madrid',1,0,7,NULL),
 (174,'hvpt.ses.juntaex.es','Hospital San Pedro de Alcántara. Extremadura',1,0,7,NULL),
 (175,'hsvo.salud.madrid.org','Hospital Severo Ochoa',1,0,7,NULL),
 (176,'hlafe.san.gva.es','Hospital Universitari La Fe. Conselleria de Sanitat. Generalitat Valenciana',1,0,7,NULL),
 (177,'h12o.es','Hospital Universitario 12 de Octubre. Consejería de Sanidad. Comunidad Autónoma de Madrid',1,0,7,NULL),
 (178,'hospitaluniversitariodegetafe.org','Hospital Universitario de Getafe',1,0,7,NULL),
 (179,'hug.sescam.es','Hospital Universitario de Guadalajara. SESCAM',1,0,7,NULL),
 (180,'hlpr.salud.madrid.org','Hospital Universitario de la Princesa. Consejería de Sanidad. Comunidad Autónoma de Madrid',1,0,7,NULL),
 (181,'husa.sacyl.es','Hospital Universitario de Salamanca',1,0,7,NULL),
 (182,'hsanjuan.san.gva.es','Hospital Universitario de San Juan de Alicante. Conselleria de Sanitat. Generalitat Valenciana',1,0,7,NULL),
 (183,'hupa.salud.madrid.org','Hospital Universitario Príncipe de Asturias. Madrid',1,0,7,NULL),
 (184,'hpth.salud.madrid.org','Hospital Universitario Puerta de Hierro. Consejería de Sanidad. Comunidad Autónoma de Madrid',1,0,7,NULL),
 (185,'hvb.gva.es','Hospital Vega Baja',1,0,7,NULL),
 (186,'Calidadzamora.com','Hospital Virgen de la Concha de Zamora. Consejería de Sanidad y Bienestar Social. Junta de Castilla y León',1,0,7,NULL),
 (187,'hvdll.sescam.org','Hospital Virgen de la Luz. Consejería de Sanidad. Junta de Comunidades de Castilla La Mancha SESCAM',1,0,7,NULL),
 (188,'hvtr.salud.madrid.org','Hospital Virgen de la Torre. Madrid',1,0,7,NULL),
 (189,'hvc.cfnavarra.es','Hospital Virgen del Camino. Osasumbidea',1,0,7,NULL),
 (190,'ias.aragob.es','Instituto Aragonés de la Salud',1,0,7,NULL),
 (191,'ics.gencat.net','Instituto Catalán de la Salud',1,0,7,NULL),
 (192,'iconcologia.net','Instituto Catalán de Oncología (ICO)',1,0,7,NULL),
 (193,'icstdlr.sescam.es','Instituto de Ciencias de la Salud (Talavera de la Reina) SESCAM',1,0,7,NULL),
 (194,'santpau.es','Instituto de Investigación del Hospital de la Santa Creu i Sant Pau',1,0,7,NULL),
 (195,'imtra.es','Instituto Madrileño de Traumatología (IMTRA)',1,0,7,NULL),
 (196,'ipssmjg.madrid.org','Instituto Psiquiátrico Servicios de Salud Mental José Germain',1,0,7,NULL),
 (197,'povisa.es','Povisa Centro Médico',1,0,7,NULL),
 (198,'hosppal.es','Serveis de Salut Integrats Baix Empordà',1,0,7,NULL),
 (199,'ver.repe.es','Servicio Galego de Saüde (SERGAS)',1,0,7,NULL),
 (200,'udm.jccm.es','Unidad Docente de Matronas. Servicio de Enfermería. Consejería de Sanidad. Junta de Comunidades de Castilla La Mancha. SESCAM',1,0,7,NULL),
 (201,'cpi.upv.es','Ciudad Politécnica de la Innovación',1,0,6,NULL),
 (202,'fedea.es','Fundación de Estudios de Economía Aplicada. FEDEA',11,0,6,NULL),
 (203,'irta.es','Institut de Recerca y Tecnologia Agroalimentàries (IRTA)',1,0,3,NULL),
 (204,'salud.cfnavarra.es','Departamento de Salud del Gobierno de Navarra',1,0,7,NULL),
 (205,'bilbao.ej-gv.es','Departamento de Sanidad del Gobierno Vasco-Bilbao',1,0,7,NULL),
 (206,'edecs.juntaex.es','Escuela de Estudios de Ciencias de la Salud. Extremadura',1,0,7,NULL),
 (207,'a13.san.gva.es','Hospital \"Lluís Alcanyís\" de Xàtiva. Conselleria de Sanitat. Generalitat Valenciana',1,0,7,NULL),
 (208,'hnav.cfnavarra.es','Hospital de Navarra. Osasumbidea',1,0,7,NULL),
 (209,'sagunto.san.gva.es','Hospital de Sagunto. Conselleria de Sanitat. Generalitat Valenciana',1,0,7,NULL),
 (210,'hg-lamancha.sescam.es','Hospital General La Mancha Centro. SESCAM',1,0,7,NULL),
 (211,'hpsiq.madrid.org','Hospital Psiquiátrico de Madrid. Servicio Regional de Salud. Consejería de Sanidad. Comunidad Autónoma de Madrid',1,0,7,NULL),
 (212,'hga.es','Hospital General Universitario de Alicante',1,0,7,NULL),
 (213,'dominio87','Asociación de la Investigación y la Cooperación Industrial de Andalucía (AICIA)',1,0,6,NULL),
 (214,'igerontologico.com','Instituto Gerontológico',1,0,7,NULL),
 (215,'campus-salud-granada','Campus de Ciencias de la Salud de Granada',8,0,7,NULL),
 (216,'ual.es','Universidad de Almería',1,0,2,NULL),
 (217,'cesol.es','Asociación Española de Soldadura y Tecnologías de Unión (CESOL)',1,0,6,NULL),
 (218,'zonafrancavigo.com','Parque Tecnológico de Vigo. Consorcio Zona Franca Vigo',1,0,6,NULL),
 (219,'hj23.com','Hospital Universitari de Tarragona Joan XXIII',1,0,7,NULL),
 (220,'hzam.osakidetza.net','Hospital Psiquiátrico de Zamudio. Servicio Vasco de Salud (Osakidetza). Departamento de Sanidad (Osasun Saila). Gobierno Vasco',1,0,7,NULL),
 (221,'hifc.ses.juntaex.es','Hospital Materno Infantil. Extremadura',1,0,7,NULL),
 (222,'hospital-prado.org','Hospital Nuestra Señora del Prado. SESCAM',1,0,7,NULL),
 (223,'ca.ieo.es','Instituto Español de Oceanografía. IEO. Centro Oceanográfico de Canarias',1,0,5,NULL),
 (224,'uem.es','Universidad Europea de Madrid',1,0,2,NULL),
 (225,'udl.es','Universitat de Lleida',1,0,2,NULL),
 (226,'bib.csic.es','Biblioteca Central CSIC mas',1,0,1,NULL),
 (227,'ceab.csic.es','Centro de Estudios Avanzados de Blanes (CEAB)',1,0,1,NULL),
 (228,'ch.csic.es','Centro de Humanidades (CH)',1,0,1,NULL),
 (229,'cid.csic.es','Centro de Investigación y Desarrollo (CID)',1,0,1,NULL),
 (230,'cib.csic.es','Centro de Investigaciones Biológicas (CIB)',1,0,1,NULL),
 (232,'cetef.csic.es','Centro de Tecnologías Físicas L. Torres Quevedo (CETEF)',1,0,1,NULL),
 (233,'cmima.csic.es','Centro Mediterraneo de Investigaciones Marinas i Ambientales',1,0,1,NULL),
 (234,'cnb.uam.es','Centro Nacional de Biotecnología (CNB)',1,0,1,NULL),
 (235,'cenim.csic.es','Centro Nacional de Investigaciones Metalúrgicas (CENIM)',1,0,1,NULL),
 (236,'cti.csic.es','Centro Técnico de Informática (CTI)',1,0,1,NULL),
 (237,'eea.csic.es','Escuela de Estudios Árabes (EEA)',1,0,1,NULL),
 (238,'eeha.csic.es','Escuela de Estudios Hispano Americanos (EEHA)',1,0,1,NULL),
 (239,'ebd.csic.es','Estación Biológica de Doñana (EBD)',1,0,1,NULL),
 (240,'institutbotanic.bcn.es','Instituto Botánico de Barcelona (IBB)',1,0,1,NULL),
 (241,'iats.csic.es','Instituto de Acuicultura de Torre de la Sal (IATS)',1,0,1,NULL),
 (242,'iai.csic.es','Instituto de Automática Industrial (IAI)',1,0,1,NULL),
 (243,'ibmb.csic.es','Instituto de Biología Molecular de Barcelona (IBMB)',1,0,1,NULL),
 (244,'icf.uab.es','Fundación Instituto Catalán de Farmacología (FICF)',1,0,7,NULL),
 (246,'aita-menni.org','Hospital Aita Mendi Ospítalea',1,0,7,NULL),
 (247,'iecat.net','Institut dEstudis Catalans',1,0,6,NULL),
 (248,'iccm.rcanaria.es','Instituto Canario de Ciencias Marinas',1,0,6,NULL),
 (249,'iro.es','Instituto de Investigación Oncológica (IRO)',1,0,7,NULL),
 (250,'itc.uji.es','Instituto de Tecnología Cerámica ITC',1,0,6,NULL),
 (251,'cidaut.es','Centro de Investigación y Desarrollo en Automoción (CIDAUT)',1,0,6,NULL),
 (252,'cebas.csic.es','Centro de Edafología y Biología Aplicada del Segura (CEBAS)',1,0,1,NULL),
 (253,'icb.csic.es','Instituto de Carboquímica (ICB)',1,0,1,NULL),
 (254,'cemfi.es','Centro de Estudios Monetarios y Financieros (CEMFI)',1,0,6,NULL),
 (255,'aitemin.es','Asociación para la Investigación y Desarrollo Industrial de los Recursos Naturales (AITEMIN)',1,0,6,NULL),
 (256,'uned.es','Universidad Nacional Educación a Distancia',1,0,2,NULL),
 (257,'icp.csic.es','Instituto de Catálisis y Petroleoquímica (ICP)',1,0,1,NULL),
 (258,'icv.csic.es','Instituto de Cerámica y Vidrio (ICV)',1,0,1,NULL),
 (259,'icmm.csic.es','Instituto de Ciencia de Materiales de Madrid (ICMM)',1,0,1,NULL),
 (260,'ietcc.csic.es','Instituto de Ciencias de la Construcción Eduardo Torroja (ICCET)',1,0,1,NULL),
 (261,'ija.csic.es','Instituto de Ciencias de la Tierra ',1,0,1,NULL),
 (262,'ieg.csic.es','Instituto de Economía y Geografía (IEG)',1,0,1,NULL),
 (263,'iesaa.csic.es','Instituto de Estudios Sociales de Andalucía',1,0,1,NULL),
 (264,'filol.csic.es','Instituto de Filología (IFL)',1,0,1,NULL),
 (265,'ifs.csic.es','Instituto de Filosofía (IFS)',1,0,1,NULL),
 (266,'ific.uv.es','Instituto de Física Corpuscular (IFIC)',1,0,1,NULL),
 (267,'iibb.csic.es','Instituto de Investigaciones Biomédicas de Barcelona (IIBB)',1,0,1,NULL),
 (268,'ig.csic.es','Instituto de la Grasa (IG)',1,0,1,NULL),
 (269,'ile.csic.es','Instituto de la Lengua Española (ILE)',1,0,1,NULL),
 (270,'Imm.cnm.csic.es','Instituto de Microelectrónica de Madrid (IMM-CNM)',1,0,1,NULL),
 (271,'cajal.csic.es','Instituto de Neurobiología \'Ramón Cajal\' (INRC)',1,0,1,NULL),
 (272,'ipb.csic.es','Instituto de Parasitología y Biomedicina \'López Neyra\' (IPLN)',1,0,1,NULL),
 (273,'iqfr.csic.es','Instituto de Química y Física Rocasolano (IQFR)',1,0,1,NULL),
 (274,'irnasa.csic.es','Instituto de Recursos Naturales y Agrobiología (IRNASA)',1,0,1,NULL),
 (275,'ifrio.csic.es','Instituto del Frío (IF)',1,0,1,NULL),
 (276,'incar.csic.es','Instituto Nacional del Carbón (INCAR)',1,0,1,NULL),
 (277,'litec.csic.es','Laboratorio de Investigación en Tecnologías de la Combustión (LITEC)',1,0,1,NULL),
 (278,'ott.cmima.csic.es','Oficina Técnica de Transferencia',1,0,1,NULL),
 (279,'rjb.csic.es','Real Jardín Botánico (RJB)',1,0,1,NULL),
 (280,'csic.es','Servicios Centrales del CSIC',1,0,1,NULL),
 (281,'bicat.csic.es','Unidad de Coordinación de Bbliotecas de Barcelona',1,0,1,NULL),
 (282,'cbic.csic.es','Unidad de Coordinación de Bibliotecas de Madrid',1,0,1,NULL),
 (283,'ias.csic.es','Instituto de Agricultura Sostenible (IAS)',1,0,1,NULL),
 (284,'iim.csic.es','Instituto de Investigaciones Marinas (IIM)',1,0,1,NULL),
 (285,'iesam.csic.es','Unidad de Políticas Comparadas (UPC)',1,0,1,NULL),
 (286,'iaa.es','Instituto de Astrofísica de Andalucía (IAA)',1,0,1,NULL),
 (287,'mncn.csic.es','Museo Nacional de Ciencias Naturales',1,0,1,NULL),
 (288,'gesp.pcb.ub.es','Agrupación Euroregional de los Sistemas Fotovoltaicos (GESP)',1,0,6,NULL),
 (289,'acsucyl.com','Agencia para la Calidad del Sistema Universitario de Castilla y León',11,0,6,NULL),
 (290,'ctm.fedeto.es','Asociación de Investigación de la Madera de Castilla-La Mancha. Centro Tecnológico de la Madera',1,0,6,NULL),
 (291,'aiica.com','Asociación de Investigación de las Industrias del Curtido y Anexas (AIICA)',1,0,6,NULL),
 (292,'aitiip.com','Asociación de Investigación del Taller de Inyección de la Industria de los Plásticos (AITIIP)',1,0,6,NULL),
 (293,'ctme.org','Asociación de Investigación y Centro Tecnológico de Miranda de Ebro (CTME)',1,0,6,NULL),
 (294,'ctmarmol.es','Asociación Empresarial de Investigación Centro Tecnológico del Mármol y la Piedra (CTMARMOL)',1,0,6,NULL),
 (295,'ctnc.es','Asociación Empresarial de Investigación Centro Tecnológico Nacional de la Conserva (CTNC)',1,0,6,NULL),
 (296,'asociacionunitec.com','Asociación para la Gestión, Desarrollo y Divulgación tecnológica. UNITEC',1,0,6,NULL),
 (297,'alicer.es','Asociación para la Promoción del Diseño Industrial Cerámico (ALICER)',1,0,6,NULL),
 (298,'azterlan.es','Azterlan Centro Metalúrgico de Investigación',1,0,6,NULL),
 (299,'cfitaga.xunta.es','Centro de Formación, Investigación y Tecnología Agraria de Galicia',1,0,3,NULL),
 (300,'creara.org','Centro de Innovación y Creación de Empresas (CREARA). Fundación San Telmo',1,0,6,NULL),
 (301,'cismadera.com','Centro de Innovación y Servicios Tecnológicos de la Madera de Galicia. CIS',1,0,6,NULL),
 (302,'lortek.es','Centro de Investigación en Tecnologías de Unión Lortek',1,0,6,NULL),
 (303,'cidemco.es','Centro de Investigación Tecnológica CIDEMCO',1,0,6,NULL),
 (304,'ciam.xunta.es','Centro de Investigaciones Agrarias de Mabegondo',1,0,3,NULL),
 (305,'ikerlan.es','Centro de Investigaciones Tecnológicas Ikerlan. Mondragón Unibertsitatea - Mondragón Corporación Cooperativa, MCC',1,0,6,NULL),
 (306,'plantacarrion-pecc.com','Centro de las Nuevas Tecnologías del Agua (CENTA)',1,0,6,NULL),
 (307,'ctaero.com','Centro de Tecnologías Aeronáuticas CTA',1,0,6,NULL),
 (308,'cem.es','Centro Español de Metrología CEM',1,0,6,NULL),
 (309,'cog.es','Centro Oncológico de Galicia ',1,0,7,NULL),
 (310,'ctcalzado.org','Centro Tecnológico del Calzado CETEC',1,0,6,NULL),
 (311,'ctmetas.es','Centro Tecnológico del Metal',1,0,6,NULL),
 (312,'cetga.org','Centro Tecnológico Gallego de Acuicultura (CETGA)',1,0,6,NULL),
 (313,'cetem.es','Centro Tecnológico de la Madera y del Mueble de la Región de Murcia (CETEM)',1,0,6,NULL),
 (314,'sespa.princast.es','Centros de Atención Primaria- Admón. 5. Unidad de Investigación Clínico Epidemilógica. Servicio de Salud del Principado de Asturias',1,0,7,NULL),
 (315,'chus.sergas.es','Complejo Hospitalario Universitario de Santiago. Consellería de Sanidade e Servicios Sociais. Xunta de Galicia. SERGAS',1,0,7,NULL),
 (316,'consej.jcyl.es','Consejería de Sanidad de la Junta de Castilla y León',1,0,7,NULL),
 (317,'san.gva.es','Dirección General de Ordenación, Evaluación e Investigación Sanitaria. Consellería de Sanitat de Valencia',1,0,7,NULL),
 (318,'etea.com','ETEA - Institución Universitaria de la Compañía de Jesús',1,0,6,NULL),
 (319,'mde.es','Fábrica Nacional de la Marañosa. Dirección General de Armamento y material del Ministerio de Defensa',1,0,4,NULL),
 (320,'foeg.es','Federación de Organizaciones Empresariales de Girona',1,0,6,NULL),
 (321,'ictonline.es','Fundació Institut Català de Tecnologia (ICT)',1,1,6,NULL),
 (322,'fbstib.org','Fundación Banco de Sangre y Tejidos de las Islas Baleares',1,0,6,NULL),
 (323,'cetece.org','Fundación Centro Tecnológico de los Cereales de Castilla y León (CETECE)',1,0,6,NULL),
 (324,'cidetec.es','Fundación CIDETEC (Centro de Investigación Tecnológica en Electroquímica)',1,0,6,NULL),
 (325,'ortegaygasset.edu','Fundación e Instituto Universitario de Investigación José Ortega y Gasset',1,0,6,NULL),
 (326,'fatronik.com','Fundación Fatronik',1,0,6,NULL),
 (327,'ferrolmetropoli.com','Fundación Ferrol Metrópoli',1,0,6,NULL),
 (328,'fhcalahorra.com','Fundación Hospital Calahorra',1,0,7,NULL),
 (329,'ie.edu','Fundación Instituto de Empresa',1,0,6,NULL),
 (330,'cetemmsa.es','Fundación Privada Centro de Tecnología Empresarial de Mataró y Maresme (CETEMMSA)',1,0,6,NULL),
 (331,'robotiker.com','Fundación Robotiker',1,0,6,NULL),
 (332,'gen-es.org','Genoma España',1,0,6,NULL),
 (333,'gobcantabria.es','Centro de Investigación y Formación Agraria. Gobierno de Cantabria. Consejería de Ganadería, Agricultura y Pesca',1,0,3,NULL),
 (334,'hospitalzumarraga.org','Hospital de Zumarraga. Servicio Vasco de Salud (Osakidetza). Departamento de Sanidad (Osasun Saila). Gobierno Vasco',1,0,7,NULL),
 (335,'h_plasencia.ses.juntaex.es','Hospital Virgen del Puerto de Plasencia. Consejería de Sanidad y Consumo. Junta de Extremadura',1,0,7,NULL),
 (336,'iamz.ciheam.org','Instituto Agronómico Mediterráneo de Zaragoza/Centro de Altos Estudios Mediterráneos (IAMZ/CIHEAM)',1,0,6,NULL),
 (337,'inbiotec.com','Instituto de Biotecnología (INBIOTEC). Universidad de León (ULE)',1,0,6,NULL),
 (338,'ciit.usc.es','Instituto de Cerámica de Galicia CIIT',1,0,6,NULL),
 (339,'igme.es','Instituto Geológico y Minero de España (IGME). Ministerio de Ciencia y Tecnología',1,0,5,NULL),
 (340,'canarias.igme.es','Instituto Geológico y Minero de España. IGME. Oficina de Proyectos Las Palmas de Gran Canaria',1,0,5,NULL),
 (341,'leon.igme.es','Instituto Geológico y Minero de España. IGME. Oficina de Proyectos León',1,0,5,NULL),
 (342,'almeria.igme.es','Instituto Geológico y Minero de España. IGME. Oficina de Proyectos Almería',1,0,5,NULL),
 (343,'murcia.igme.es','Instituto Geológico y Minero de España. IGME. Oficina de Proyectos Murcia',1,0,5,NULL),
 (344,'oviedo.igme.es','Instituto Geológico y Minero de España. IGME. Oficina de Proyectos Oviedo',1,0,5,NULL),
 (345,'mallorca.igme.es','Instituto Geológico y Minero de España. IGME. Oficina de Proyectos Palma de Mallorca',1,0,5,NULL),
 (346,'salamanca.igme.es','Instituto Geológico y Minero de España. IGME. Oficina de Proyectos Salamanca',1,0,5,NULL),
 (347,'santiago.igme.es','Instituto Geológico y Minero de España. IGME. Oficina de Proyectos Santiago de Compostela',1,0,5,NULL),
 (348,'sevilla.igme.es','Instituto Geológico y Minero de España. IGME. Oficina de Proyectos Sevilla',1,0,5,NULL),
 (349,'zaragoza.igme.es','Instituto Geológico y Minero de España. IGME. Oficina de Proyectos Zaragoza',1,0,5,NULL),
 (350,'imida.es','Instituto Murciano de Investigación y Desarrollo Agrario y Alimentario IMIDA',1,0,3,NULL),
 (351,'ipe.es','Instituto Papelero Español (IPE)',1,0,6,NULL),
 (352,'itcl.es','Instituto Tecnológico de Castilla y León (ITCL)',1,0,6,NULL),
 (353,'aido.es','Instituto Tecnológico de Óptica AIDO',1,0,6,NULL),
 (354,'itene.com','Instituto Tecnológico del Envase, Embalaje y Transporte ITENE',1,0,6,NULL),
 (355,'aiju.info','Instituto Tecnológico del Juguete AIJU',1,0,6,NULL),
 (356,'aimplas.es','Instituto Tecnológico del Plástico AIMPLAS',1,0,6,NULL),
 (357,'neiker.net','Instituto Vasco de Investigación y Desarrollo Agrario NEIKER',1,0,3,NULL),
 (358,'lomg.net','Laboratorio Oficial de Metrología de Galicia (LOMG)',1,0,6,NULL),
 (359,'mondragon.edu','Mondragon Unibertsitatea',1,0,2,NULL),
 (360,'opm.imserso.es','Observatorio de Personas Mayores del Instituto de Migraciones y Servicios Sociales IMSERSO',1,0,4,NULL),
 (361,'parcbit.es','Parque Balear de Innovación Tecnológica (Parc BIT). Consejería de Innovación y Energía. Gobierno de las Islas Baleares',1,0,6,NULL),
 (362,'pcm.uam.es','Parque Científico de Madrid',1,0,6,NULL),
 (363,'pctg.net','Parque Científico Tecnológico de Gijón (PCTG)',1,0,6,NULL),
 (364,'ulpgc.es','Parque Científico Tecnológico de la Universidad de Las Palmas de Gran Canaria',1,0,6,NULL),
 (365,'parquemetropolitano.com','Parque Metropolitano, Industrial y Tecnológico de Granada',1,0,6,NULL),
 (366,'pta.es','Parque Tecnológico de Andalucía (PTA)',1,0,6,NULL),
 (367,'parque-tecnologico.net','Parque Tecnológico de Vizcaya',1,0,6,NULL),
 (368,'ptv.radal.com','Parque Tecnológico del Vallès',1,0,6,NULL),
 (369,'pologaraia.es','Polo de Innovación Garaia S.A.',1,0,6,NULL),
 (370,'redfue.es','Red de Fundaciones Universidad Empresa',1,0,6,NULL),
 (371,'ieec.fcr.es','Instituto de Ciencias del Espacio (ICE)',1,0,1,NULL),
 (372,'serida.org','Servicio regional de investigación y desarrollo Agroalimentario. SERIDA',1,0,3,NULL),
 (373,'ucavila.es','Universidad Católica de Ávila',1,0,2,NULL),
 (374,'ujaen.es','Universidad de Jaén',1,0,2,NULL),
 (375,'uemc.edu','Universidad Europea Miguel de Cervantes',1,0,2,NULL),
 (376,'unica.edu','Universidad Internacional de Cataluña',1,0,2,NULL),
 (377,'xina.uoc.es','Universitat Oberta de Catalunya UOC',1,0,2,NULL),
 (378,'irnase.csic.es','Instituto de Recursos Naturales y Agrobiología (IRNAS)',1,0,1,NULL),
 (379,'iam.csic.es','Instituto de Arqueología (IAM). CSIC',1,0,1,NULL),
 (380,'imia.madrid.org','Instituto Madrileño de Investigación  y desarrollo Rural, Agrario y Alimentario. IMIDRA',1,0,3,NULL),
 (381,'usek.es','Universidad SEK',1,0,2,NULL),
 (382,'gesalerico.ft.uam.es','Instituto de Física Teórica',1,0,1,NULL),
 (383,'hoffmeyer.ih.csic.es','Instituto Histórico Hoffmeyer (IHH)',1,0,1,NULL),
 (384,'cfnavarra.es','Clínica Ubarmin. Osasumbidea',1,0,7,NULL),
 (385,'ctb.upc.es','Consell Tecnológic del Bages CTB',1,0,6,NULL),
 (386,'ceam.gva.es','Fundación Centro de Estudios Ambientales del Mediterraneo. CEAM',1,0,6,NULL),
 (387,'ifrm-murcia.es','Instituto de Fomento de la Región de Murcia',1,0,6,NULL),
 (388,'agralia.juntaex.es','Centro de investigación la Orden. Consejería de Infraestructuras y Desarrollo tecnológico. Junta de Extremadura',1,0,3,NULL),
 (389,'vicecons.princast.es','Viceconsejería de Ciencia y Tecnología del Principado de Asturias',1,0,6,NULL),
 (390,'dgui.madrid.org','Dirección General de Universidades e Investigación de la Consejería de Educación de la Comunidad de Madrid',1,0,4,NULL),
 (391,'ige.csic.es','Instituto de Geología Económica (IGE)',1,0,1,NULL),
 (392,'iib.uam.es','Instituto de Investigaciones Biomédicas ',1,0,1,NULL),
 (393,'imb.usal.es','Instituto de Microbiología Bioquímica (IMB)',1,0,1,NULL),
 (394,'biofisica.ehu.es','Unidad de Biofísica (UBF)',1,0,1,NULL),
 (395,'ucb-sevilla.es','Unidad de Coordinación de Bibliotecas de Sevilla',1,0,1,NULL),
 (396,'cab.inta.es','Centro de Astrobiología - CAB',1,0,1,NULL),
 (397,'cebas.bib.csic.es','Centro de Comunicaciones CSIC-REDIRIS (CEBAS)',1,0,1,NULL),
 (398,'eeza.csic.es','Estación Experimental de Zonas Áridas (EEZA)',1,0,1,NULL),
 (399,'invest.biotec.unavarra.es','Instituto de Agrobiotecnología y Recursos Naturales (IARN)',1,0,1,NULL),
 (400,'iag.mat.ucm.es','Instituto de Astronomía y Geodesia (IAG)',1,0,1,NULL),
 (401,'ibv.org','Instituto de Biomecánica de Valencia',1,0,6,NULL),
 (402,'ib.csic.es','Instituto de Bioquímica (IB)',1,0,1,NULL),
 (403,'icma.csic.unizar.es','Instituto de Ciencia de Materiales de Aragón (ICMA)',1,0,1,NULL),
 (404,'icman.csic.es','Instituto de Ciencias Marinas de Andalucía',1,0,1,NULL),
 (405,'ift.csic.es','Instituto de Farmacología y Toxicología (IFT)',1,0,1,NULL),
 (406,'apte.org','Asociación de Parques Científicos y Tecnológicos de España (APTE)',1,0,6,NULL),
 (407,'asintec.org','Asociación para la incorporación de Nuevas Tecnologías de la Empresa ASINTEC',1,0,6,NULL),
 (408,'evega.cesga.es','Estación de Viticultura y Enología de Galicia (EVEGA)',1,0,3,NULL),
 (409,'hcabuenes.com','Hospital de Cabueñes. Consejería de Salud y Servicios Sanitarios. Gobierno del Principado de Asturias',1,0,7,NULL),
 (410,'icrea.es','Institució Catalana de Recerca i Estudis Avançats. ICREA',1,0,6,NULL),
 (411,'iegps.csic.es','Instituto de Estudios Gallegos \'Padre Sarmiento\' (IEGPS)',1,0,1,NULL),
 (412,'imse.cnm.es','Instituto de Microelectrónica de Sevilla (IMS-CNM)',1,0,1,NULL),
 (413,'aidico.es','Instituto Tecnológico de la Construcción AIDICO',1,0,6,NULL),
 (414,'ibmcp.upv.es','Instituto de Biología Molecular y Celular de Plantas ',1,0,1,NULL),
 (415,'ingenio.upv.es','Instituto de Gestión de la Innovación y del Conocimiento (INGENIO)',1,0,1,NULL),
 (416,'iiia.csic.es','Instituto de Investigación en Inteligencia Artificial (IIIA)',1,0,1,NULL),
 (417,'imb.cnm.es','Instituto de Microelectronica de Barcelona (IMB-CNM)',1,0,1,NULL),
 (418,'mcyt.es','Ministerio de Educación y Ciencia',1,0,4,NULL),
 (419,'pt-alava.es','Parque Tecnológico de Alava (Arabako Teknologi Elkartegia)',1,0,6,NULL),
 (420,'nebrija.es','Universidad Antonio de Nebrija',1,0,2,NULL),
 (421,'unia.es','Universidad Internacional de Andalucía',1,0,2,NULL),
 (422,'cimacoron.org','Centro de Investigaciones Marinas',1,0,3,NULL),
 (423,'cps.unizar.es','Universidad de Zaragoza',1,0,2,NULL),
 (424,'upo.es','Universidad Pablo de Olavide',1,0,2,NULL),
 (425,'vicomtech.es','VICOM Tech. Visual Communications Technologies',1,0,6,NULL),
 (426,'uclm.edu','Universidad de Castilla-La Mancha',1,0,2,NULL),
 (427,'biblioteca.unirioja.es','Universidad de la Rioja',1,0,2,NULL),
 (428,'uvigo.es','Universidad de Vigo',1,0,2,NULL),
 (429,'ceu.es','Universidad San Pablo-CEU',1,0,2,NULL),
 (430,'ieo.es','Instituto Español de Oceanografía. IEO. Centro Oceanográfico de A Coruña',1,0,5,NULL),
 (431,'ccma.csic.es','Centro de Ciencias Medioambientales - CCMA',1,0,1,NULL),
 (432,'icmab.es','Instituto de Ciencia de Materiales de Barcelona (ICMAB)',1,0,1,NULL),
 (433,'ma.ieo.es','Instituto Español de Oceanografía. IEO. Centro Oceanográfico de Málaga',1,0,5,NULL),
 (434,'aimen.es','Asociación de Investigación Metalúrgica del Noroeste (AIMEN)',1,0,6,NULL),
 (435,'fvitoria.com','Universidad Francisco de Vitoria',1,0,2,NULL),
 (436,'cabd.upo.es','Centro Andaluz de Biología del Desarrollo',1,0,1,NULL),
 (437,'cisgalicia.org','Centro de Innovación y Servicios del Diseño y la Tecnología. CIS Galicia',1,0,6,NULL),
 (438,'laboratorio.pimemenorca.org','Centro de Investigación y Fomento de la Calidad de la PIME Menorca',1,0,6,NULL),
 (439,'ctag.com','Centro Tecnológico de Automoción de Galicia (CTAG)',1,0,6,NULL),
 (440,'cetenasa.es','Centros Tecnológicos de Navarra SA CEMITEC',1,0,6,NULL),
 (441,'cesga.es','Fundación Centro Tecnológico de Supercomputación de Galicia CESGA',1,0,6,NULL),
 (442,'fdf.htvdlc.gencat.es','Fundación Dr. Ferran (ICS - DSSS) para la Investigación en Ciencias de la Salud. Hospital de Tortosa Virgen de la Cinta',1,0,7,NULL),
 (443,'oepm.es','OEPM Oficina Española de Patentes y Marcas',1,0,6,NULL),
 (444,'aragob.es','Centro de Investigación y Tecnología Agroalimentaria de Aragón CITA',1,0,3,NULL),
 (445,'pitalmeria.es','Parque de Innovación y Tecnología de Almería. PITA',1,0,6,NULL),
 (446,'ucjc.edu','Universidad Camilo José Cela',1,0,2,NULL),
 (447,'uch.ceu.es','Universidad Cardenal Herrera-CEU',1,0,2,NULL),
 (448,'ibv.csic.es','Instituto de Biomedicina de Valencia (IBV)',1,0,1,NULL),
 (449,'cotec.es','Fundación Cotec',1,0,6,NULL),
 (450,'inasmet.es','Fundación Inasmet',1,0,6,NULL),
 (451,'cnio.es','Instituto de Salud Carlos III. Centro Nacional de Investigaciones Oncológicas CNIO',1,0,5,NULL),
 (452,'ipna.csic.es','Instituto de Productos Naturales y Agrobiología (IPNAC)',1,0,1,NULL),
 (453,'uclm.es','Instituto de Investigación de Recursos Cinegéticos (IREC)',1,0,1,NULL),
 (454,'aneca.es','Agencia Nacional de Evaluación de la Calidad y Acreditación (ANECA)',1,0,4,NULL),
 (455,'hccruzr.salud.madrid.org','Hospital Central de la Cruz Roja',1,0,7,NULL),
 (456,'hdbv.ses.juntaex.es','Hospital D. Benito-Villanueva. Extremadura',1,0,7,NULL),
 (457,'ipe.csic.es','Instituto Pirenaico de Ecología (IPE)',1,0,1,NULL),
 (458,'uv.es','Universidad de Valencia',1,0,2,NULL),
 (459,'uam.es','Universidad Autónoma de Madrid',1,0,2,NULL),
 (460,'hospitaldefuenlabrada.com','Hospital de Fuenlabrada',1,0,7,NULL),
 (461,'lainentralgo.madrid.org','Agencia Laín Entralgo',9,0,7,NULL),
 (462,'fhalcorcon.es','Fundación Hospital Alcorcón',1,0,7,NULL),
 (463,'urjc.es','Universidad Rey Juan Carlos',1,0,2,NULL),
 (464,'hurh.es','Hospital Universitario \'Del Río Hortega\'',1,0,7,NULL),
 (465,'iae-csic.uab.es','Instituto de Análisis Económico (IAE)',1,0,1,NULL),
 (466,'ih.csic.es','Instituto de Historia (IH)',1,0,1,NULL),
 (467,'ieiop.com','Instituto de Estudios Islámicos y Oriente Próximo (IEIOP)',1,0,1,NULL),
 (468,'hrs.cfnavarra.es','Hospital Reina Sofía. Osasumbidea',1,0,7,NULL),
 (469,'xeral-calde.org','Complexo Hospitalario Xeral-Calde Lugo. Servicio Galego de Saúde (SERGAS). Consellería de Sanidad y Servicios Sociales. Xunta de Galicia',1,0,7,NULL),
 (470,'iri.upc.es','Instituto de Robótica e Informática Industrial (IRII)',1,0,1,NULL),
 (471,'canalejo.org','Complejo Hospitalario Juan Canalejo. Servicio Galego de Saúde (SERGAS). Consellería de Sanidad y Servicios Sociales. Xunta de Galicia',1,0,7,NULL),
 (472,'aatrm.catsalut.net','Agencia de Evaluación de Tecnología e Investigación Médicas (AATM) - (CatSalut - DSSS)',5,0,7,NULL),
 (473,'cbm.uam.es','Centro de Biología Molecular \'\'Severo Ochoa\'\' - CMB',1,0,1,NULL),
 (474,'iiag.csic.es','Instituto de Investigaciones Agrobiológicas de Galicia (IIAG)',1,0,1,NULL),
 (475,'ctm.upc.es','Centro Tecnológico de Manresa',1,0,6,NULL),
 (476,'hospitalbasurto.org','Hospital de Basurto (Basurtuko Ospitalea). Servicio Vasco de Salud (Osakidetza). Departamento de Sanidad (Osasun Saila). Gobierno Vasco',1,0,7,NULL),
 (477,'ain.es','Asociación de la Industria Navarra (AIN)',10,0,6,NULL),
 (478,'ceneo.ita.es','Instituto Tecnológico de Aragón ITA= datos al Centro de enlace para la Innovación IRC Ceneo',1,0,6,NULL),
 (479,'acap.madrid.org','Agencia de la Calidad, Acreditación y Prospectiva de las Univ. de Madrid ACAP',5,0,6,NULL),
 (480,'plantecnologico.com','Agencia Navarra de Innovación y Tecnología. Departamento de Industria y Tecnología, Comercio, Turismo y Trabajo. Gobierno de Navarra.',8,0,6,NULL),
 (481,'cartuja.csic.es','Centro de Investigaciones Científicas Isla de la Cartuja (CIC)',1,0,1,NULL),
 (482,'iifap.juntadeandalucia.es','Instituto de Investigación y formación Agroalimentaria y Pesquera. Consejería de Innovación, Ciencia y empresa.(Dirección General de Investigación y Formación Agraria y Pesquera). Junta de Andalucía',1,0,3,NULL),
 (483,'cdti.es','Centro para el Desarrollo Tecnológico Industrial (CDTI)',1,0,6,NULL),
 (484,'itccanarias.org','Instituto Tecnológico de Canarias (ITC). Consejería de Presidencia e Innovación Tecnológica. Gobierno de Canarias',1,0,6,NULL),
 (485,'labein.es','Centro Tecnológico Labein',1,0,6,NULL),
 (486,'upf.edu','Universitat Pompeu Fabra',1,0,2,NULL),
 (487,'idepa.es','Parque Tecnológico de Asturias',1,0,6,NULL),
 (488,'leilat.com','Laboratorio de Ensayos e Investigaciones Textiles del Acondicionamiento Tarrasense (LEITAT)',1,0,6,NULL),
 (489,'udc.es','Universidad de A Coruña',1,0,2,NULL),
 (490,'ua.es','Universidad de Alicante',1,0,2,NULL),
 (491,'dominio1118652243','Hospital General Universitario Reina Sofía',1,0,7,NULL),
 (492,'fjd.es','Fundación Jiménez Díaz',1,0,7,NULL),
 (493,'ficyt.es','Oficina de Investigación Biosanitaria ',1,0,7,NULL),
 (494,'sescam.jccm.es','Complejo Hospitalario de Albacete. Consejería de Sanidad. Junta de Comunidades de Castilla La Mancha. SESCAM',1,0,7,NULL),
 (495,'hvdps.sescam.es','Hospital \"Virgen del Perpetuo Socorro\". SESCAM',1,0,7,NULL),
 (496,'hvdls.sescam.es','Hospital Virgen de la Salud. SESCAM',1,0,7,NULL),
 (497,'dominio1119426984','Hospital General de Hospitalet. Consorcio Sanitario Integral',1,0,7,NULL),
 (498,'aimme.es','Instituto Tecnológico Metalmecánica AIMME',1,0,6,NULL),
 (499,'uah.es','Universidad de Alcalá de Henares',1,0,2,NULL),
 (500,'uca.es','Universidad de Cádiz',1,0,2,NULL),
 (501,'in.umh.es','Instituto de Neurociencias (IN)',1,0,1,NULL),
 (502,'valencia.igme.es','Instituto Geológico y Minero de España. IGME. Oficina de Proyectos Valencia',1,0,5,NULL),
 (503,'imedea.uib.es','Instituto Mediterráneo de Estudios Avanzados (IMEDEA)',1,0,1,NULL),
 (504,'ugr.es','Universidad de Granada',9,0,2,NULL),
 (505,'offiact.ugr.es','Instituto Andaluz de Ciencias de la Tierra (IACT)',1,0,1,NULL),
 (506,'iu.historia.ciencia.uv.es','Instituto de Historia de la Ciencia y Documentación ',1,0,1,NULL),
 (507,'cide.uv.es','Centro de Investigaciones sobre Desertificación (CIDE)',1,0,1,NULL),
 (508,'itq.upv.es','Instituto de Tecnología Química (ITQ)',1,0,1,NULL),
 (509,'albacete.sescam..es','Gerencia de Atención Primaria de Albacete. SESCAM',1,0,7,NULL),
 (510,'ciudadreal.sescam.es','Gerencia de Atención Primaria de Ciudad Real. SESCAM',1,0,7,NULL),
 (511,'cuenca.sescam.es','Gerencia de Atención Primaria de Cuenca. SESCAM',1,0,7,NULL),
 (512,'guadalajara.sescam.es','Gerencia de Atención Primaria de Guadalajara. SESCAM',1,0,7,NULL),
 (513,'talavera.sescam.es','Gerencia de Atención Primaria de Talavera de la Reina. SESCAM',1,0,7,NULL),
 (514,'hg-ortega.sescam.es','Hospital Gutiérrez Ortega SESCAM',1,0,7,NULL),
 (515,'hnparaplejicos.sescam.es','Hospital Nacional de Parapléjicos. Consejería de Sanidad. Junta de Comunidades de Castilla La Mancha. SESCAM',1,0,7,NULL),
 (516,'hns-carmen.sescam.es','Hospital Nuestra Señora del Carmen. SESCAM',1,0,7,NULL),
 (517,'hsb.sescam.es','Hospital Santa Bárbara. SESCAM',1,0,7,NULL),
 (518,'hva.sescam.es','Hospital Virgen de Altagracia. SESCAM',1,0,7,NULL),
 (519,'upm.es','Universidad Politécnica de Madrid',1,0,2,NULL),
 (520,'io.cfmac.csic.es','Centro de Física Miguel Angel Catalán. Biblioteca de Optica (IO)',1,0,1,NULL),
 (521,'ucb-valencia.es','Unidad de Coordinación de Bibliotecas de Valencia',1,0,1,NULL),
 (522,'iata.csic.es','Instituto de Agroquímica y Tecnología de Alimentos (IATA)',1,0,1,NULL),
 (523,'princast.es','Consejería de Salud y Servicios Sanitarios del Gobierno del Principado de Asturias',1,0,7,NULL),
 (524,'eelm.csic.es','Estación Experimental La Mayora',1,0,1,NULL),
 (525,'dominio1119856484','Consejería de Salud del Gobierno de la Rioja. Subdirección General de Farmacia',1,0,7,NULL),
 (526,'ver.sescam.es','Servicios centrales del SESCAM',1,0,7,NULL),
 (527,'toledo.sescam.es','Gerencia de Atención Primaria de Toledo. SESCAM',1,0,7,NULL),
 (528,'ibgm.med.uva.es','Instituto de Biología y Genética Molecular (IBGM)',1,0,1,NULL),
 (529,'loquesea','Complejo Hospitalario de Toledo. SESCAM',1,0,7,NULL),
 (530,'hpsocorro.audinex.es','Hospital Perpetuo Socorro. Extremadura',1,0,7,NULL),
 (531,'ascamm.com','Associació Catalana d\'Empreses de Motlles i Matrius - Fundación ASCAMM',1,0,6,NULL),
 (532,'eae.csic.es','Estación Agrícola Experimental (EAE)',1,0,1,NULL),
 (533,'itecam.com','Asociación para la Investigación y Desarrollo Tecnológico del Metal ITECAM',1,0,6,NULL),
 (534,'pcyta.com','Fundación Parque Científico y Tecnológco de Albacete',1,0,6,NULL),
 (535,'eead.csic.es','Estación Experimental de Aula Dei (EEAD)',1,0,1,NULL),
 (536,'meditex.es','Fundación Alergol',1,0,6,NULL),
 (537,'idexeus.es','Instituto Universitario Dexeus de Barcelona',1,0,7,NULL),
 (538,'mbg.csic.es','Misión Biológica de Galicia (MBG)',1,0,1,NULL),
 (539,'iprocor.org','Instituto del Corcho, la Madera y el Carbón Vegetal',1,0,6,NULL),
 (540,'anep.mcyt.es','Agencia Nacional de Evaluación y Prospectiva (ANEP)',1,1,4,NULL),
 (541,'itenergia.com','Instituto de Tecnología Eléctrica ITE',1,0,6,NULL),
 (542,'hgugm.es','Hospital General Universitario Gregorio Marañon. Consejería de Sanidad. Comunidad Autónoma de Madrid',1,0,7,NULL),
 (543,'hpmisericordia.sescam.es','Hospital Provincial de la Misericordia Diputación. SESCAM',1,0,7,NULL),
 (544,'hrypnsdgracia.portal.aragob.es','Hospital Real y Provincial Ntra. Sra. De Gracia. Instituto Aragonés de la Salud',1,0,7,NULL),
 (545,'bbtk.ull.es','Universidad de la Laguna',1,0,2,NULL),
 (546,'cepc.es','Centro de Estudios Políticos y Constitucionales. Ministerio de la Presidencia',1,0,4,NULL),
 (547,'cht.es','Complejo Hospitalario Torrecárdenas',1,0,7,NULL),
 (548,'aetsa.csalud.junta-andalucia.es','Agencia de Evaluación de Tecnologías Sanitarias de Andalucía',6,0,7,NULL),
 (549,'csalud.junta-andalucia.es','Consejería de Salud de la Junta de Andalucía',1,0,7,NULL),
 (550,'easp.es','Escuela Andaluza de Salud Pública',1,0,7,NULL),
 (551,'ephag.es','Hospital Alto Guadalquivir. Consejería de Salud. Junta de Andalucía',1,0,7,NULL),
 (552,'hvv.sas.junta-andalucia.es','Hospital Clínico Universitario Virgen de la Victoria. Servicio Andaluz de Salud. Consejería de Salud. Junta de Andalucía',1,0,7,NULL),
 (553,'fabis.org','Hospital Juan Ramón Jímenez',1,0,7,NULL),
 (554,'hvalme.juntadeandalucia.es','Hospital Universitario de Valme. Servicio Andaluz de Salud. Consejeria de Salud. Junta de Andalucia',1,0,7,NULL),
 (555,'hospitalreinasofia.org','Hospital Universitario Reina Sofía. Servicio Andaluz de Salud. Consejería de Salud. Junta de Andalucía',1,0,7,NULL),
 (556,'hulp.salud.madrid.org','Hospital Universitario La Paz. Consejería de Sanidad. Comunidad Autónoma de Madrid',1,0,7,NULL),
 (557,'hospitaltxagorritxu.org','Hospital Txagorritxu',1,0,7,NULL),
 (558,'vi.ieo.es','Instituto Español de Oceanografía. IEO. Centro Oceanográfico de Vigo',1,0,5,NULL),
 (559,'ufm.csic.es','Unidad de Física de Materiales (UFM)',1,0,1,NULL),
 (560,'cfmac.csic.es','Centro de Física \'\'Miguel A. Catalán\'\' (CFMAC). Instituto de Estructura de la Materia IEM',1,0,1,NULL),
 (562,'cedetel.es','Centro para el Desarrollo de las Telecomunicaciones de Castilla y León (CEDETEL)',1,0,6,NULL),
 (563,'ptwalqa.com','Parque Tecnológico de Aragón (WALQA)',1,0,6,NULL),
 (564,'cicancer.org','Instituto de Biología Molecular y Celular del Cáncer (IBMCC)',1,0,1,NULL),
 (565,'ochoa.fib.es','Centro de Investigación Príncipe Felipe. ',11,1,7,NULL),
 (566,'dominio1127313443','Hospital Comarcal de Monforte. Servicio Gallego de Salud SERGAS',1,0,7,NULL),
 (567,'hg-orcoyen.cfnavarra.es','Hospital García Orcoyen. Osasumbidea',1,0,7,NULL),
 (568,'husd.caib.es','Hospital Universitari Son Dureta',1,0,7,NULL),
 (569,'ibsalut.caib.es','Gerència d\'Atenció Primària de Mallorca',1,0,7,NULL),
 (570,'ibsalut.es','Servei de Salut de les Illes Balears (Ib-salut)',1,0,7,NULL),
 (571,'gesma.caib.es','Complejo Hospitalario de Mallorca',1,0,7,NULL),
 (572,'smen.es','Area de Salut de Menorca',7,0,7,NULL),
 (573,'saluticonsum.caib.es','Conselleria de Salut i Consum. Govern de les Illes Balears',1,0,7,NULL),
 (574,'cica.es','Plan Andaluz de Investigación. Consejería de Educación y Ciencia. Junta de Andalucía',6,0,6,NULL),
 (575,'aidima.es','Instituto Tecnológico del Mueble y Afines AIDIMA',1,0,6,NULL),
 (576,'cnta.es','Centro Nacional de Tecnología y Seguridad y Alimentaria CNTA-Laboratorio del Ebro',1,0,6,NULL),
 (577,'csub.scs.es','Ciutat Sanitària i Universitària de Bellvitge',1,0,7,NULL),
 (578,'dominio1127904161','Hospital Alvarez-Buylla. Consejería de Salud del Principado de Asturias',1,0,7,NULL),
 (579,'citic.es','Fundación Citic. Centro Andaluz de Innovación y Tecnologías de la Información y Comunicaciones',1,0,6,NULL),
 (580,'ainia.es','Instituto Tecnológico Agroalimentario AINIA',1,0,6,NULL),
 (581,'bsa.gs','Badalona Servicios Asistenciales',1,0,7,NULL),
 (582,'portal.aragob.es','Centro de Rehabilitación en Salud Mental Santo Cristo de los Milagros. Instituto Aragonés de la Salud',1,0,7,NULL),
 (583,'jaca.aragob.es','Consorcio Hospitalario de Jaca. Instituto Aragonés de la Salud',1,0,7,NULL),
 (584,'sadaba.aragob.es','Hospital Asistencial Psiquiátrico de Sádaba. Instituto Aragonés de la Salud',1,0,7,NULL),
 (585,'lozano-blesa.aragob.es','Hospital Clínico Universitario -Lozano Blesa- Zaragoza. Instituto Aragonés de  la Salud',1,0,7,NULL),
 (586,'alcaniz.aragob.es','Hospital de Alcañiz. Instituto Aragonés de la Salud',1,0,7,NULL),
 (587,'barbastro.aragob.es','Hospital de Barbastro. Instituto Aragonés de la Salud',1,0,7,NULL),
 (588,'calatayud.aragob.es','Hospital de Calatayud. Instituto Aragonés de la Salud',1,0,7,NULL),
 (589,'hgt-opolanco.portal.aragob.es','Hospital General de Teruel \'Obispo Polanco\'. Instituto Aragonés de  la Salud',1,0,7,NULL),
 (590,'hg-sanjorge.aragob.es','Hospital Geriátrico de San Jorge. Instituto Aragonés de la Salud',1,0,7,NULL),
 (591,'hpsjose.portal.aragob.es','Hospital Provincial de San José. Instituto Aragonés de la Salud',1,0,7,NULL),
 (592,'hpscjesus.aragob.es','Hospital Provincial Sagrado Corazón de Jesús. Instituto Aragonés de la Salud',1,0,7,NULL),
 (593,'hpssjdd.portal.aragob.es','Hospital Psiquiátrico de San Juan de Dios. Instituo Aragonés de la Salud',1,0,7,NULL),
 (594,'hpnsdp.portal.aragob.es','Hospital Psiquiátrico Ntra. Sra. Del Pilar. Instituto Aragonés de la Salud',1,0,7,NULL),
 (595,'hrv.aragob.es','Hospital Royo Villanova. Instituto Aragonés de la Salud',1,0,7,NULL),
 (596,'sanjorge.msc.es','Hospital San Jorge de Huesca. Instituto Aragonés de la Salud',1,0,7,NULL),
 (597,'centic.es','Centro Tecnológico de las Tecnologías de la Información y las Comunicaciones CENTIC',1,0,6,NULL),
 (598,'fagorederlan.es','Centro Tecnológico Edertek',1,0,6,NULL),
 (599,'isciii.es','Instituto de Salud Carlos III',1,0,5,NULL),
 (600,'buc.ucm.es','Universidad Complutense de Madrid',1,0,2,NULL),
 (601,'bcnecologia.net','Agencia de Ecología Urbana de Barcelona',10,1,6,NULL),
 (602,'imf.csic.es','Institución Milà y Fontanals (IMF)',1,0,1,NULL),
 (603,'aitim.es','Asociación de Investigación Técnica de las Industrias de la Madera y del Corcho (AITIM)',1,0,6,NULL),
 (604,'ispnav.cfnavarra.es','Instituto de Salud Pública de Navarra. Osasumbidea',1,0,7,NULL),
 (605,'unavarra.es','Universidad Pública de Navarra',1,0,2,NULL),
 (606,'bib.gencat.net','Biblioteca del Departament  d\'Educació i Universitats',1,0,6,NULL),
 (607,'humv.es','Hospital Universitario \'Marqués de Valdecilla\'. Consejería de Sanidad, Consumo y Servicios Sociales. Gobierno de Cantabria',1,0,7,NULL),
 (608,'sjd-ssm.com','Hospital Sant Joan de Deu- Serveis de Salut Mental',1,0,7,NULL),
 (609,'cehipar.es','Canal de Experiencia Hidrodinámico de El Pardo (CEHIPAR)',1,0,5,NULL),
 (610,'idescat.es','Instituto d\'Estadística de Cataluña (Idescat)',1,0,6,NULL),
 (611,'ctcomponentes.com','Centro Tecnológico de Componentes (CTC)',1,0,6,NULL),
 (612,'granada.igme.es','Instituto Geológico y Minero de España. IGME. Oficina de Proyectos Granada',1,0,5,NULL),
 (613,'uimp.es','Universidad Internacional Menéndez Pelayo',1,0,2,NULL),
 (614,'inia.es/finca','Instituto Nacional de Investigación y Tecnología Agraria y Alimentaria INIA. Finca la Canaleja',1,0,5,NULL),
 (615,'dominio515','Centro de Investigaciones Energéticas, Medioambientales y Tecnológicas. CIEMAT. Centro de Desarrollo de Energías Renovables CEDER',1,0,5,NULL),
 (616,'hic.fidises.net','Hospital Universitario Infanta Cristina de Badajoz. ',1,0,7,NULL),
 (617,'bc.gencat.net','Biblioteca de Catalunya',1,0,6,NULL),
 (618,'uvic.es','Universitat de Vic',1,0,2,NULL),
 (619,'url.es','Universitat Ramón Llull',1,0,2,NULL),
 (620,'bibliotecnica.upc.es','Universitat Politécnica de Catalunya',1,0,2,NULL),
 (621,'ceescat.org','Centro de Estudios Epidemiológicos sobre el HIV/SIDA en Cataluña (CEESCAT)',1,0,7,NULL),
 (622,'ezkuntza.net','Dirección de Política Científica. Gobierno Vasco',1,0,4,NULL),
 (623,'cener.com','Centro Nacional de Energías Renovables CENER',1,0,6,NULL),
 (624,'cindoc.csic.es','Centro de Información y Documentación Científica (CINDOC)',1,0,1,NULL),
 (625,'vhebron.es','Fundación para la Investigación Biomédica y la Docencia de la Ciudad Sanitaria y Universitaria Vall d\'Hebron (ICS - DSSS)',1,0,7,NULL),
 (626,'citypi.ifa.es','Agencia de Innovación y Desarrollo de Andalucía',6,0,6,NULL),
 (627,'upco.es','Universidad Pontificia de Comillas',1,0,2,NULL),
 (628,'dominio1120468790','Complejo Hospitalario Xeral Cies',1,0,7,NULL),
 (629,'upsa.es','Universidad Pontificia de Salamanca. Campus Salamanca',1,0,2,NULL),
 (630,'realinstitutoelcano.org','Real Instituto Elcano de Estudios Internacionales y Estratégicos',1,0,6,NULL),
 (631,'bne.es','Biblioteca Nacional de España',1,0,6,NULL),
 (632,'cbuc.es','Consorci de Biblioteques Universitàries de Catalunya CBUC',1,0,6,NULL),
 (633,'dominio1133363791','Hospital Punta de Europa de Algeciras. Junta de Andalucia',1,0,7,NULL),
 (634,'cnic.es','Instituto de Salud Carlos III. Centro Nacional de Investigaciones Cardiovasculares Carlos III CNIC',1,0,5,NULL),
 (635,'usc.es','Universidad de Santiago de Compostela',1,0,2,NULL),
 (636,'bib.uab.es','Universidad Autonoma de Barcelona',1,0,2,NULL),
 (637,'fcr.es','Fundació Catalana per a la Recerca',1,0,6,NULL),
 (638,'bib.ub.es','Universitat de Barcelona',1,0,2,NULL),
 (639,'unav.es','Universidad de Navarra',1,0,2,NULL),
 (640,'upv.es','Universidad Politécnica de Valencia',1,0,2,NULL),
 (641,'hospitaldonostia.org','Hospital Donostia',1,0,7,NULL),
 (642,'hgda.osakidetza.net','Hospital de Galdakao',1,0,7,NULL),
 (643,'ies.scs.es','Instituto de Estudios de la Salud (IES)',1,0,7,NULL),
 (644,'pcmedit.ua.es','Parque Científico del Mediterráneo',1,0,6,NULL),
 (645,'huc.canarias.org','Hospital Universitario de Canarias',1,0,7,NULL),
 (646,'juntadeandalucia.es/bibliotecavirtual','Sistema Sanitario de Salud Pública de Andalucía. Biblioteca Virtual',1,0,7,NULL),
 (647,'csdm.es','Hospital de Mataró. Consorcio Sanitario del Maresme',1,0,7,NULL),
 (648,'aspb.es','Agencia de Salud Pública de Barcelona',9,0,7,NULL),
 (649,'cdtuc.com','Centro de Desarrollo Tecnológico de la Universidad de Cantabria CDTUC',1,0,6,NULL),
 (650,'huvr.sas.juntadeandalucia.es','Hospital Universitario Virgen del Rocío',1,0,7,NULL),
 (651,'sas.juntadeandalucia.es','Servicio Andaluz de Salud',1,0,7,NULL),
 (652,'hospitalvirgendelasnieves.org','Hospital Universitario Virgen de las Nieves. Servicio Andaluz de Salud. Consejería de Salud. Junta de Andalucia',1,0,7,NULL),
 (653,'hupm.juntadeandalucia.es','Hospital Universitario Puerta del Mar',1,0,7,NULL),
 (654,'hmotril.sas.junta-andalucia.es','Hospital de Motril. Servicio Andaluz de Salud. Consejería de Salud. Junta de Andalucía',1,0,7,NULL),
 (655,'merced.sas.junta-andalucia.es','Hospital de la Merced',1,0,7,NULL),
 (656,'hcs.es','Hospital Costa del Sol. Consejería de Salud. Junta de Andalucía',1,0,7,NULL),
 (657,'carloshaya.net','Complejo Hospitalario Carlos Haya. Servicio Andaluz de Salud. Consejería de Salud',1,0,7,NULL),
 (658,'cfnavarra.es2','Servicio de Información y Gestión Económica. Departamento de Agricultura, Ganadería y Alimentación. Comunidad Foral de Navarra',1,0,3,NULL),
 (659,'juntadeandalucia.es/consejeriaturismo','Centro de Documentación y Publicaciones. Consejería de Turismo, Comercio y Deporte Junta de Andalucía',1,0,4,NULL),
 (660,'hsll.es','Fundación Hospital Son Llatzer',1,0,7,NULL),
 (661,'hcm-ibiza.es','Area de Salud de Ibiza y Formentera. Hospital Can Misses. Consellería de Salud de las Islas Baleares',1,0,7,NULL),
 (662,'fundacion.hospitalmanacor.org','Fundación Hospital Manacor',1,0,7,NULL),
 (663,'fundacionagbar.org','Centro de Estudios para la Investigación y el Medio Ambiente. Fundación Agbar',1,0,6,NULL),
 (664,'hsc.ss.junta-andalucia.es','Hospital Universitario San Cecilio de Granada',1,0,7,NULL),
 (665,'hguniv.murciasalud.es','Hospital General Universitario Jose Mº Morales Meseguer. Comun. Aut. de Murcia',1,0,7,NULL),
 (666,'www.fecyt2.es','FECYT-II',1,0,4,NULL),
 (667,'uji.es','Universitat Jaume I',1,0,2,NULL),
 (668,'irsicaixa.org','Fundación Privada Instituto de Investigación Sida-Caixa (IRSI-CAIXA)',1,0,7,NULL),
 (669,'madrimasd.org','Fundación para el Conocimiento Madridmasd',1,0,4,NULL),
 (670,'dominio1136368127','Asociación para la Investigación y Desarrollo Industrial de los Recursos Naturales (AITEMIN). Toledo',1,0,6,NULL),
 (671,'lurederra.es','Fundación L´Urederra para el Desarrollo Tecnólógico y Social',1,0,6,NULL),
 (672,'cna.us.es','Centro Nacional de Aceleradores (CNA)',1,0,1,NULL),
 (673,'biblioteca.udg.es','Universitat de Girona',1,0,2,NULL),
 (674,'fecyt3.es','Fundación Española para la Ciencia y la Tecnología FECYT',1,0,4,NULL),
 (675,'pre.gva.es','Alto Consejo Consultivo en Investigación y Desarrollo de la Generalitat Valenciana',1,0,6,NULL),
 (676,'edu.xunta.es','Escuela Superior de Conservación Restauración Bienes Culturales de Galicia.',1,0,6,NULL),
 (677,'jcyl.es/centroconserv','Centro de Conservación y Restauración de Bienes Culturales',1,0,6,NULL),
 (678,'itagra.com','Instituto Tecnológico Agrario y Agroalimentario (Itagra). Universidad de Valladolid',1,0,6,NULL),
 (679,'juntadeandalucia.es/consejeriamedioambiente','Consejería de Medio Ambiente. Junta de Andalucía',1,0,4,NULL),
 (680,'sanidad.euskadi.net','Dirección territorial de Sanidad de Guipuzcoa. Gobierno Vasco',1,0,7,NULL),
 (681,'eez.csic.es','Estación Experimental del Zaidín (EEZ)',1,0,1,NULL),
 (682,'fbg.ub.es','Centro de Innovación Las Cúpulas',1,0,6,NULL),
 (683,'ipla.csic.es','Instituto de Productos Lácteos de Asturias (IPLA)',1,0,1,NULL),
 (684,'mec.es','Ministerio de Educación y Ciencia. Secretaría de Estado y Universidades. Dirección General Univ.',1,0,4,NULL),
 (685,'hums.aragob.es','Hospital Universitario Miguel Servet. Gobierno de Aragón. Instituto Aragonés de la Salud',1,0,7,NULL),
 (686,'hellin.sescam.es','Hospital de Hellín. SESCAM',1,0,7,NULL),
 (687,'fes-ctes.org','Centro Tecnológico Eduard Soler',1,0,6,NULL),
 (688,'cantabria.org','Dirección General de Desarrollo e Innovación tecnológica. Gobierno de Cantabria',1,0,4,NULL),
 (689,'psa.es','Centro de Investigaciones Energéticas, Medioambientales y Tecnológicas. CIEMAT. Plataforma Solar de Almería PSA',1,0,5,NULL),
 (690,'uax.es','Universidad Alfonso X El Sabio',1,0,2,NULL),
 (691,'ias.scs.es','Instituto de Asistencia Sanitaria IAS. PArque Hospitalario Martí i Julià',1,0,7,NULL),
 (692,'fhag.es','Fundación Hospital de Granollers',1,0,7,NULL),
 (693,'dipucuenca.es','Centro de Investigación, Experimentación y Servicios del Champiñón.Junta de Comunidades de Castilla la Mancha. Dirección General de Producción Agropecuaria',1,0,3,NULL),
 (694,'juntadeandalucia.es/serrania','Hospital de la Serranía',1,0,7,NULL),
 (695,'iiqab.csic.es','Instituto de investigaciones Químicas y Ambientales',1,0,1,NULL),
 (696,'mail.bcn.es','Museo de Ciencias Naturales de Ciudadela',1,0,1,NULL),
 (697,'obsebre.es','Observatorio de Física Cósmica del Ebro',1,0,1,NULL),
 (698,'ifca.unican.es','Instituto de Física de Cantabria',1,0,1,NULL),
 (699,'bib.csic.es/coleccpreh','Centro de Humanidades del CSIC. Colección de Prehistoria',1,0,1,NULL),
 (700,'dominio120','Institut de Recerca Biomédica de Barcelona IRBB',1,0,6,NULL),
 (701,'usj.es','Universidad San Jorge de Zaragoza',1,0,2,NULL);
INSERT INTO `facturacion`.`instituciones` VALUES  (702,'gva.es.Marina Alta','Hospital Marina Alta y C.E. Dénia. Conselleria de Sanitat. Generalitat Valenciana',1,0,7,NULL),
 (703,'dominio1141659823','Instituto de Geomática',1,0,6,NULL),
 (704,'cicbiogune.es','Centro de Investigación Cooperativa  CIC bioGUNE',1,0,6,NULL),
 (705,'juntadeandalucia.es/fundacion','Fundación Progreso y Salud',1,0,7,NULL),
 (706,'centrodeestudiosandaluces.es','Centro de Estudios Andaluces. Consejería de Presidencia Junta de Andalucia',1,0,4,NULL),
 (707,'agae.es','Agencia Andaluza de evaluación de la calidad y acreditación universitaria',10,0,6,NULL),
 (708,'icia.es','Instituto Canario de Investigaciones Agrarias. ICIA',1,0,3,NULL),
 (709,'dominio1145264587','Escuela Valenciana de Estudios de Salud',1,0,7,NULL),
 (710,'salud.madrid.org/husc','Hospital Universitario Santa Cristina de Madrid',1,0,7,NULL),
 (711,'illekunberri.com','Instituto Lactológico de Lekumberri (ILL)',1,0,6,NULL),
 (712,'hgv.es','Hospital General de Vic',1,0,7,NULL),
 (713,'hsb.es','Hospital Sant Bernabè',1,0,7,NULL),
 (714,'fundacio-puigvert.es','Fundación Puigvert',1,0,7,NULL),
 (715,'canarias.org/ICIB','Instituto Canario de Investigación Biomédica (ICIB)',1,0,7,NULL),
 (716,'fadq.org','Fundación Avedis Donabedian',1,0,7,NULL),
 (717,'cenieh.es','Centro Nacional de Investigación sobre la Evolución Humana CENIEH',1,0,6,NULL),
 (718,'gobiernodecanarias.org/Dr.Negrin','Hospital de Gran Canaria Doctor Negrín. Servicio Canario de la Salud. Gobierno de Canarias',1,0,7,NULL),
 (719,'crg.es','Fundación Privada Centro de Regulación Genómica (CRG)',1,0,7,NULL),
 (720,'hleo.sacyl.es','Hospital de León. Consejería de Sanidad y Bienestar Social. Junta de Castilla y León',1,0,7,NULL),
 (721,'dominio1150462414','Instituto tecnológico de Rocas Ornamentales y Materiales de Construcción INTROMAC',1,0,6,NULL),
 (722,'ceimd.org','Centro de Estudios, Investigación y Medicina del Deporte. Navarra',1,0,6,NULL),
 (724,'dominio1151578184','Fundación Pública Hospital de Barbanza',1,0,7,NULL),
 (725,'gva.es/MarinaBaixa','Hospital Marina Baixa de Villajoyosa',1,0,7,NULL),
 (726,'ayto-aviles.es','Unidad Regional de Medicina Deportiva. Principado de Asturias',1,0,7,NULL),
 (727,'cartuja93.es','Cartuja 93',1,0,6,NULL),
 (729,'epes.es','Empresa Pública de Emergencias Sanitarias',1,0,7,NULL),
 (730,'dominio1152878273','Laboratorio de Salud Pública. Servicio Territorial de Sanidad y Bienestar Social Junta Castilla y León',1,0,7,NULL),
 (731,'tragsa.es','Tragsa Andalucia',1,0,6,NULL),
 (732,'juntadeandalucia.es/observatorio','Observatorio de la Infancia en Andalucia',1,0,4,NULL),
 (733,'dominio1153466961','Centro de Investigaciones Sociológicas. Ministerio de Presidencia',1,0,4,NULL),
 (734,'dominio1154338484','Hospital San Juan de Dios de Pamplona',1,0,7,NULL),
 (735,'dominio1161344014','Centro de Investigación Cooperativa  CIC NANOGUNE- Consolider',1,0,6,NULL),
 (736,'dd.es','eleel',1,0,1,NULL),
 (737,'ddll.we','ppaure3',1,0,1,NULL),
 (738,'prueba.es','Prueba_ISI',1,0,1,NULL),
 (739,'prueba1','prueba_ISI2',1,0,1,NULL),
 (740,'prueba.des.com','Prueba_Alta',1,0,1,NULL),
 (741,'prueba2.com','Prueba Alta2',1,0,1,NULL),
 (742,'prueba3.com','Prueba Alta3',1,0,1,NULL),
 (743,'prueba4.com','Prueba Alta4',1,0,1,NULL),
 (744,'prueba5.com','Prueba Alta5',1,0,1,NULL),
 (745,'prueba6.com','prueba Alta6',1,0,1,NULL),
 (746,'prueba7.com','Prueba Alta7',1,0,1,NULL),
 (747,'prueba8.com','Prueba Alta8',1,0,1,NULL),
 (796,'nueva.com','NuevaInstitucionFEcyt',1,0,2,NULL),
 (791,'pcc2.es','Prueba Contrato Consorcio 2',15,0,2,NULL),
 (756,'prueba16.com','Prueba Alta16',1,0,1,NULL),
 (758,'prueba19.com','Prueba Alta 19',1,0,1,NULL),
 (759,'prueba20.com','Prueba Alta 20',1,0,1,NULL),
 (760,'prueba21.com','prueba Alta 21',1,0,1,NULL),
 (761,'rossprueba.com','Prueba Alta1',1,0,1,NULL),
 (762,'dominio1200566908','Prueba Alta 22',1,0,1,NULL),
 (763,'prueba23.es','prueba Alta 23',1,0,1,NULL),
 (764,'prueba24.com','prueba Alta 24',1,0,1,NULL),
 (765,'preuba.net','prueba_ISI3',1,0,1,NULL),
 (766,'PruebaUni.com','PruebaUni',1,0,2,NULL),
 (833,'pruebaotravez.com.com','Prueba de tildes en el correo',1,1,2,NULL),
 (768,'dominio1248352337','Hospital ',1,0,7,NULL),
 (770,'dominio1248353050','Prueba simple comilla \'esto es prueba\'',1,0,4,NULL),
 (771,'diu.es','Universidad d\'andalucia',1,0,2,NULL),
 (772,'test3.es','test3',1,0,2,NULL),
 (773,'prueba22.es','prueba institucion',1,0,2,NULL),
 (774,'test11.es','test11',1,0,2,NULL),
 (775,'nueva.es','Nueva InstituciÃ³n',1,0,2,NULL),
 (776,'www.aa.es','Hospital ',1,0,2,NULL),
 (777,'test21.es','test21',1,0,2,NULL),
 (778,'test20.es','test20',1,0,2,NULL),
 (779,'test12.es','test12',1,0,2,NULL),
 (780,'micentro.es','Mi centro',1,0,2,NULL),
 (781,'testCSIC3.es','testCSIC3',1,0,1,NULL),
 (782,'geolit.es','Parque Científico Tecnológico del Aceite y del Olivar (GEOLIT)',1,0,6,NULL),
 (783,'cordaba.es','Parque Científico Tecnológico de Córdoba S.L.',1,0,6,NULL),
 (784,'miuni.es','Mi Uni',1,0,2,NULL),
 (785,'esteconespacios','test7',1,0,1,NULL),
 (786,'instNuevadom.es','instNuevaSeguimiento',1,0,6,NULL),
 (787,'fecytaa.es','FECYTAA',1,0,2,NULL),
 (793,'ppruebaAure.com','ppruebaAure',1,1,2,NULL),
 (795,'dominio1267536231','pruebadeerrorenelalta',1,0,2,NULL),
 (792,'pepe22.com','pepe22',1,1,2,NULL),
 (832,'EstaEsMia.com','EstaEsMia',1,1,2,NULL),
 (790,'pcc.es','Prueba Contrato Consorcio',15,1,2,NULL),
 (788,'pruebaOrg1.es','pruebaOrg1',1,0,2,NULL),
 (789,'pruebaOrg2.es','pruebaOrg2',1,0,2,NULL),
 (797,'pruebaRFHORG2.com','pruebaRFHORG2',1,0,2,NULL),
 (798,'otrainstitucion.com','Otrainstitucion',1,0,2,NULL),
 (799,'pruebaRFHORG3.com','pruebaRFHORG3',1,0,2,NULL),
 (800,'fecyt4.es','OtraPruebaInstitucion',1,0,2,NULL),
 (801,'nuevoPORt.es','nuevaFO',1,0,2,NULL),
 (802,'test1.es','test1',1,0,1,NULL),
 (803,'test2.es','test2',1,0,1,NULL),
 (804,'test6.es','test6',1,0,2,NULL),
 (805,'test8.es','test8',1,0,2,NULL),
 (806,'test9.es','test9',1,0,2,NULL),
 (807,'popo','test5',1,0,2,NULL),
 (808,'test4.es','test4',1,0,2,NULL),
 (809,'itcrowd.es','Reynholm Inc.',1,0,6,NULL),
 (810,'testCSIC.com','testCSIC',1,1,1,NULL),
 (811,'dominio1257335669','testCSIC2',1,0,1,NULL),
 (812,'dominio1257341509','testCSIC4',1,0,1,NULL),
 (813,'dominio1257407561','testCSIC5',1,0,1,NULL),
 (814,'imaff.cfmac.csic.es','Centro de Física Miguel Angel Catalán. Biblioteca de Matemáticas (IMAFF)',1,0,1,NULL),
 (815,'cnqo.csic.es','Centro de Química Orgánica M. Lora Tamayo (CENQUIOR)',1,0,1,NULL),
 (816,'dominio1258461700','pepito',1,0,1,NULL),
 (817,'ddr.es','Instituto de Estudios para la paz y la Cooperación',1,0,6,NULL),
 (818,'dominio1259068124','seguimientoInst',1,0,6,NULL),
 (820,'dominio1260875703','pruebaFalla2',1,0,2,NULL),
 (821,'dominio1260876042','pruebaFalla3',1,0,2,NULL),
 (822,'dominio1260876688','pruebaFalla4',1,0,2,NULL),
 (823,'cht.sescam.es','Complejo Hospitalario de Toledo. SESCAM',1,0,7,NULL),
 (824,'nueva_entrada','Universidad de la Laguna',1,0,2,NULL),
 (825,'micentro','Mi centro',1,0,2,NULL),
 (826,'pruebaCorreosPuntoyComa','pruebaCorreosPuntoyComa',1,0,2,NULL),
 (827,'unaqme','unaQme',1,0,6,NULL),
 (829,'fecyt-pruebas','FECYT-Pruebas',1,0,2,NULL),
 (830,'ppaurelia','ppAurelia',1,0,2,NULL),
 (831,'pruebafalla','pruebaFalla',1,0,2,NULL);
UNLOCK TABLES;
/*!40000 ALTER TABLE `instituciones` ENABLE KEYS */;


--
-- Definition of table `facturacion`.`observaciones`
--

DROP TABLE IF EXISTS `facturacion`.`observaciones`;
CREATE TABLE  `facturacion`.`observaciones` (
  `id` int(11) NOT NULL auto_increment,
  `usuario` varchar(50) NOT NULL default '',
  `fecha_realizado` date NOT NULL default '0000-00-00',
  `observacion` varchar(200) NOT NULL default '',
  `contrato_id` int(11) NOT NULL default '0',
  `concepto` longtext,
  `contacto` longtext,
  PRIMARY KEY  (`id`)
) ENGINE=MyISAM DEFAULT CHARSET=latin1;

--
-- Dumping data for table `facturacion`.`observaciones`
--

/*!40000 ALTER TABLE `observaciones` DISABLE KEYS */;
LOCK TABLES `observaciones` WRITE;
INSERT INTO `facturacion`.`observaciones` VALUES  (1,'pepito de los palotes','2009-08-07','Esta es una obsevación de lo más interesante sobre este contrato y esta institución.',1,'',NULL),
 (2,'javito','2009-08-07','Otra observación',1,'',NULL),
 (3,'jaxx','2009-09-14','jjjjjjjoooorrrrr',2,'',NULL),
 (4,'jaxx','2009-09-14','koko fbuweffñwiebf fefnbñia hfeabsfnbwiañbfefg   graafrufaufa fgafwnuafnufnuañfn weaufnwañnfuhfuief  waerfweufnwafuwf fweaufñwanbfh wefnwsfnwfñaenfu ewufnwñufnwñif fuwefnweñinfwifwef',2,'',NULL),
 (5,'rafita','2009-09-14','ya estoy por aki',2,'',NULL),
 (6,'manue','2009-09-14','jojods',2,'',NULL),
 (7,'aandres','2009-09-24','kdkkd',5,'',NULL),
 (8,'ccamarero','2009-09-24','ddd',5,'',NULL),
 (22,'aandres','2009-09-29','dd',6,'',NULL),
 (9,'jaxx','2009-09-25','hthhhd',4,'',NULL),
 (11,'hdfhfherehrhdr','2009-09-25','hdfhfdherdfhfchd',4,'',NULL),
 (12,'rafita','2009-09-25','grgsga5ehtht hgesgr',4,'',NULL),
 (13,'paco','2009-09-25','f gfrgrggdgtrh jhrtsh rh',4,'',NULL),
 (14,'rafita','2009-09-25','htrhth tht hthththth   hte hte',4,'',NULL),
 (31,'manoli','2009-10-14','juju',5,'hallo','hello'),
 (32,'cgonzalez','2009-10-01','nos han mandado a tomar por .....',10,'',NULL),
 (21,'mani','2009-09-28','pues parece que si',4,'',NULL),
 (17,'mani','2009-09-25','fdsfdsfdsfdsfdsfds',4,'',NULL),
 (18,'paco','2009-09-25','fgggggfd gesrgeg grggg greg eg',4,'',NULL),
 (19,'manoli','2009-09-28','q pasa?',4,'',NULL),
 (20,'paco','2009-09-28','esto funciona?',4,'',NULL),
 (23,'ccamarero','2009-09-29','dd',6,'',NULL),
 (24,'aandres','2009-09-29','ll',6,'',NULL),
 (33,'ccamaretro','2009-10-01','no consta',10,'',NULL),
 (26,'jaxx','2009-10-14','hola',5,'este','este otro'),
 (27,'paco','2009-10-14','adios',5,'bye!','Tschüss!'),
 (29,'manoli','2009-10-14','esta es una observación',5,'tramitación','este mismo que el de arriba'),
 (30,'candres','2009-09-29','ll',6,'',NULL),
 (34,'aandres','2009-10-05','kdkd',3,'',NULL),
 (35,'ccamarero','2009-10-05','dd',3,'',NULL),
 (36,'ccamarero','2009-10-05','dd',3,'',NULL),
 (37,'aandres','2009-10-05','ddd',3,'',NULL),
 (38,'aandres','2009-10-05','dldl',3,'',NULL),
 (39,'ccamarero','2009-10-05','kdkd',3,'',NULL),
 (40,'ccamarero','2009-10-05','ddd',3,'',NULL),
 (41,'aandres','2009-10-05','ddd',3,'',NULL),
 (42,'cgonzalez','2009-10-05','ddd',3,'',NULL),
 (43,'cgonzalez','2009-10-05','lddl',3,'',NULL),
 (44,'pepito','2009-10-05','hola de nuevo',2,'',NULL),
 (45,'juanito','2009-10-05','uno que va',2,'',NULL),
 (46,'jaimito','2009-10-05','eso es asin',2,'',NULL),
 (47,'rafita','2009-10-05','pues si',2,'',NULL),
 (48,'pablo','2009-10-05','adios',2,'',NULL),
 (49,'marta','2009-10-05','nos vemos',2,'',NULL),
 (50,'miguel','2009-10-05','nueva pagina ya!',2,'',NULL),
 (51,'aandres','2009-10-08','dd',4,'',NULL),
 (52,'ccanareri','2009-10-08','Incidencia. ..',4,'',NULL),
 (53,'aandres','2009-10-19','dkdk',3,'Comercial','J Garcia'),
 (54,'jaxx','2009-10-20','mi observación es ésta',5,'abstracto','tocar'),
 (55,'javi','2009-11-25','esta misma',37,'el que yo digo','yo mismo'),
 (56,'javi','2010-01-21','esta es la primera que hago',16,'pues uno ideal','este mismo'),
 (57,'jaxx','2010-01-25','esta otra es la mia\r\npero le meto retrono de carro\r\n\r\n\r\npara probar a ver como se ve',16,'otro cualquiera','el del movil'),
 (58,'pepito','2010-01-21','no soy el de los palotes',42,'ese mismo','mi compadre');
UNLOCK TABLES;
/*!40000 ALTER TABLE `observaciones` ENABLE KEYS */;


--
-- Definition of table `facturacion`.`organismos`
--

DROP TABLE IF EXISTS `facturacion`.`organismos`;
CREATE TABLE  `facturacion`.`organismos` (
  `id_org` int(11) NOT NULL auto_increment,
  `org` varchar(80) default NULL,
  PRIMARY KEY  (`id_org`)
) ENGINE=MyISAM DEFAULT CHARSET=utf8;

--
-- Dumping data for table `facturacion`.`organismos`
--

/*!40000 ALTER TABLE `organismos` DISABLE KEYS */;
LOCK TABLES `organismos` WRITE;
INSERT INTO `facturacion`.`organismos` VALUES  (1,'CSIC'),
 (2,'Universidad'),
 (3,'Servicio de investigación agraria'),
 (4,'Organismo ministerial'),
 (5,'OPI'),
 (6,'Centro de Investigación, Tecnológico y/o Científico'),
 (7,'Servicio de Salud'),
 (12,'hola3'),
 (11,'hola2');
UNLOCK TABLES;
/*!40000 ALTER TABLE `organismos` ENABLE KEYS */;




/*!40101 SET SQL_MODE=@OLD_SQL_MODE */;
/*!40014 SET FOREIGN_KEY_CHECKS=@OLD_FOREIGN_KEY_CHECKS */;
/*!40014 SET UNIQUE_CHECKS=@OLD_UNIQUE_CHECKS */;
/*!40101 SET CHARACTER_SET_CLIENT=@OLD_CHARACTER_SET_CLIENT */;
/*!40101 SET CHARACTER_SET_RESULTS=@OLD_CHARACTER_SET_RESULTS */;
/*!40101 SET COLLATION_CONNECTION=@OLD_COLLATION_CONNECTION */;
/*!40101 SET CHARACTER_SET_CLIENT=@OLD_CHARACTER_SET_CLIENT */;
