Last updated on 2024-06-24 06:49:06 CEST.
Flavor | Version | Tinstall | Tcheck | Ttotal | Status | Flags |
---|---|---|---|---|---|---|
r-devel-linux-x86_64-debian-clang | 2.0 | 5.20 | 36.45 | 41.65 | NOTE | |
r-devel-linux-x86_64-debian-gcc | 2.0 | 3.90 | 28.09 | 31.99 | NOTE | |
r-devel-linux-x86_64-fedora-clang | 2.0 | 46.25 | OK | |||
r-devel-linux-x86_64-fedora-gcc | 2.0 | 48.60 | OK | |||
r-devel-windows-x86_64 | 2.0 | 6.00 | 64.00 | 70.00 | OK | |
r-patched-linux-x86_64 | 2.0 | 5.29 | 36.50 | 41.79 | NOTE | |
r-release-linux-x86_64 | 2.0 | 4.14 | 36.68 | 40.82 | NOTE | |
r-release-macos-arm64 | 2.0 | 21.00 | NOTE | |||
r-release-macos-x86_64 | 2.0 | 35.00 | NOTE | |||
r-release-windows-x86_64 | 2.0 | 6.00 | 50.00 | 56.00 | OK | |
r-oldrel-macos-arm64 | 2.0 | 22.00 | NOTE | |||
r-oldrel-macos-x86_64 | 2.0 | 34.00 | NOTE | |||
r-oldrel-windows-x86_64 | 2.0 | 7.00 | 54.00 | 61.00 | NOTE |
Version: 2.0
Check: package dependencies
Result: NOTE
Package suggested but not available for checking: ‘INLA’
Flavors: r-devel-linux-x86_64-debian-clang, r-devel-linux-x86_64-debian-gcc, r-patched-linux-x86_64, r-release-linux-x86_64, r-release-macos-arm64, r-release-macos-x86_64, r-oldrel-macos-arm64, r-oldrel-macos-x86_64, r-oldrel-windows-x86_64