Last updated on 2024-06-24 06:49:16 CEST.
Flavor | Version | Tinstall | Tcheck | Ttotal | Status | Flags |
---|---|---|---|---|---|---|
r-devel-linux-x86_64-debian-clang | 2.1.1 | 6.47 | 52.50 | 58.97 | NOTE | |
r-devel-linux-x86_64-debian-gcc | 2.1.1 | 4.25 | 37.99 | 42.24 | NOTE | |
r-devel-linux-x86_64-fedora-clang | 2.1.1 | 73.29 | NOTE | |||
r-devel-linux-x86_64-fedora-gcc | 2.1.1 | 67.88 | NOTE | |||
r-devel-windows-x86_64 | 2.1.1 | 6.00 | 63.00 | 69.00 | NOTE | |
r-patched-linux-x86_64 | 2.1.1 | 7.95 | 49.85 | 57.80 | NOTE | |
r-release-linux-x86_64 | 2.1.1 | 6.73 | 49.52 | 56.25 | NOTE | |
r-release-macos-arm64 | 2.1.1 | 24.00 | NOTE | |||
r-release-macos-x86_64 | 2.1.1 | 46.00 | NOTE | |||
r-release-windows-x86_64 | 2.1.1 | 7.00 | 63.00 | 70.00 | NOTE | |
r-oldrel-macos-arm64 | 2.1.1 | 27.00 | NOTE | |||
r-oldrel-macos-x86_64 | 2.1.1 | 37.00 | NOTE | |||
r-oldrel-windows-x86_64 | 2.1.1 | 5.00 | 71.00 | 76.00 | NOTE |
Version: 2.1.1
Check: Rd files
Result: NOTE
checkRd: (-1) pkb.Rd:14: Escaped LaTeX specials: \# \# \#
Flavors: r-devel-linux-x86_64-debian-clang, r-devel-linux-x86_64-debian-gcc, r-devel-linux-x86_64-fedora-clang, r-devel-linux-x86_64-fedora-gcc, r-devel-windows-x86_64, r-patched-linux-x86_64, r-release-linux-x86_64, r-release-macos-arm64, r-release-macos-x86_64, r-release-windows-x86_64, r-oldrel-macos-arm64, r-oldrel-macos-x86_64, r-oldrel-windows-x86_64