Last updated on 2024-06-29 12:48:32 CEST.
Flavor | Version | Tinstall | Tcheck | Ttotal | Status | Flags |
---|---|---|---|---|---|---|
r-devel-linux-x86_64-debian-clang | 1.1.6 | 978.79 | 175.15 | 1153.94 | NOTE | |
r-devel-linux-x86_64-debian-gcc | 1.1.6 | 839.82 | 186.34 | 1026.16 | NOTE | |
r-devel-linux-x86_64-fedora-clang | 1.1.6 | 1410.57 | NOTE | |||
r-devel-linux-x86_64-fedora-gcc | 1.1.6 | 2066.83 | NOTE | |||
r-devel-windows-x86_64 | 1.1.6 | 718.00 | 205.00 | 923.00 | NOTE | |
r-patched-linux-x86_64 | 1.1.6 | 0.01 | 2.72 | 2.73 | ERROR | |
r-release-linux-x86_64 | 1.1.6 | 763.77 | 245.45 | 1009.22 | NOTE | |
r-release-macos-arm64 | 1.1.6 | 340.00 | NOTE | |||
r-release-macos-x86_64 | 1.1.6 | 298.00 | NOTE | |||
r-release-windows-x86_64 | 1.1.6 | 707.00 | 213.00 | 920.00 | NOTE | |
r-oldrel-macos-arm64 | 1.1.6 | 359.00 | NOTE | |||
r-oldrel-macos-x86_64 | 1.1.6 | 584.00 | NOTE | |||
r-oldrel-windows-x86_64 | 1.1.6 | 936.00 | 270.00 | 1206.00 | NOTE |
Version: 1.1.6
Check: for GNU extensions in Makefiles
Result: NOTE
GNU make is a SystemRequirements.
Flavors: r-devel-linux-x86_64-debian-clang, r-devel-linux-x86_64-debian-gcc, r-devel-linux-x86_64-fedora-clang, r-devel-linux-x86_64-fedora-gcc, r-devel-windows-x86_64, r-release-linux-x86_64, r-release-macos-arm64, r-release-macos-x86_64, r-release-windows-x86_64, r-oldrel-macos-arm64, r-oldrel-macos-x86_64, r-oldrel-windows-x86_64
Version: 1.1.6
Check: installed package size
Result: NOTE
installed size is 9.2Mb
sub-directories of 1Mb or more:
libs 8.7Mb
Flavors: r-devel-linux-x86_64-fedora-clang, r-devel-windows-x86_64, r-release-macos-arm64, r-release-macos-x86_64, r-release-windows-x86_64, r-oldrel-macos-arm64, r-oldrel-macos-x86_64, r-oldrel-windows-x86_64
Version: 1.1.6
Check: whether package can be installed
Result: ERROR
Installation failed.
Flavor: r-patched-linux-x86_64