Last updated on 2024-06-14 12:57:34 CEST.
Flavor | Version | Tinstall | Tcheck | Ttotal | Status | Flags |
---|---|---|---|---|---|---|
r-devel-linux-x86_64-debian-clang | 0.1.5 | 3.23 | 2.47 | 5.70 | ERROR | |
r-devel-linux-x86_64-debian-gcc | 0.1.5 | 13.71 | 64.03 | 77.74 | OK | |
r-devel-linux-x86_64-fedora-clang | 0.1.7 | 161.10 | NOTE | |||
r-devel-linux-x86_64-fedora-gcc | 0.1.7 | 132.34 | OK | |||
r-devel-windows-x86_64 | 0.1.5 | 31.00 | 88.00 | 119.00 | OK | |
r-patched-linux-x86_64 | 0.1.5 | 16.53 | 84.61 | 101.14 | OK | |
r-release-linux-x86_64 | 0.1.5 | 16.00 | 84.33 | 100.33 | OK | |
r-release-macos-arm64 | 0.1.5 | 46.00 | OK | |||
r-release-macos-x86_64 | 0.1.7 | 112.00 | OK | |||
r-release-windows-x86_64 | 0.1.7 | 39.00 | 91.00 | 130.00 | OK | |
r-oldrel-macos-arm64 | 0.1.5 | 52.00 | OK | |||
r-oldrel-macos-x86_64 | 0.1.7 | 86.00 | OK | |||
r-oldrel-windows-x86_64 | 0.1.5 | 36.00 | 114.00 | 150.00 | OK |
Version: 0.1.5
Check: whether package can be installed
Result: ERROR
Installation failed.
Flavor: r-devel-linux-x86_64-debian-clang
Version: 0.1.7
Check: installed package size
Result: NOTE
installed size is 6.0Mb
sub-directories of 1Mb or more:
libs 5.8Mb
Flavor: r-devel-linux-x86_64-fedora-clang