Last updated on 2024-06-08 06:50:42 CEST.
Flavor | Version | Tinstall | Tcheck | Ttotal | Status | Flags |
---|---|---|---|---|---|---|
r-devel-linux-x86_64-debian-clang | 1.0.5 | 18.95 | 189.28 | 208.23 | NOTE | |
r-devel-linux-x86_64-debian-gcc | 1.0.5 | 13.87 | 136.81 | 150.68 | NOTE | |
r-devel-linux-x86_64-fedora-clang | 1.0.5 | 262.38 | NOTE | |||
r-devel-linux-x86_64-fedora-gcc | 1.0.5 | 251.22 | NOTE | |||
r-devel-windows-x86_64 | 1.0.5 | 25.00 | 265.00 | 290.00 | NOTE | |
r-patched-linux-x86_64 | 1.0.5 | 38.96 | 173.17 | 212.13 | NOTE | |
r-release-linux-x86_64 | 1.0.5 | 15.33 | 177.46 | 192.79 | NOTE | |
r-release-macos-arm64 | 1.0.5 | 95.00 | NOTE | |||
r-release-macos-x86_64 | 1.0.5 | 121.00 | NOTE | |||
r-release-windows-x86_64 | 1.0.5 | 27.00 | 267.00 | 294.00 | NOTE | |
r-oldrel-macos-arm64 | 1.0.5 | 73.00 | NOTE | |||
r-oldrel-macos-x86_64 | 1.0.5 | 95.00 | NOTE | |||
r-oldrel-windows-x86_64 | 1.0.5 | 30.00 | 303.00 | 333.00 | NOTE |
Version: 1.0.5
Check: Rd files
Result: NOTE
checkRd: (-1) ec2_create_security_group.Rd:66: Escaped LaTeX specials: \#
checkRd: (-1) ec2_create_security_group.Rd:66: Escaped LaTeX specials: \$
checkRd: (-1) ec2_create_security_group.Rd:79: Escaped LaTeX specials: \#
checkRd: (-1) ec2_create_security_group.Rd:79: Escaped LaTeX specials: \$
Flavors: r-devel-linux-x86_64-debian-clang, r-devel-linux-x86_64-debian-gcc, r-devel-linux-x86_64-fedora-clang, r-devel-linux-x86_64-fedora-gcc, r-devel-windows-x86_64, r-patched-linux-x86_64, r-release-linux-x86_64, r-release-macos-arm64, r-release-macos-x86_64, r-release-windows-x86_64, r-oldrel-macos-arm64, r-oldrel-macos-x86_64, r-oldrel-windows-x86_64