Last updated on 2024-06-18 00:57:29 CEST.
Flavor | Version | Tinstall | Tcheck | Ttotal | Status | Flags |
---|---|---|---|---|---|---|
r-devel-linux-x86_64-debian-clang | 0.9.0 | 1.56 | 25.99 | 27.55 | NOTE | |
r-devel-linux-x86_64-debian-gcc | 0.9.0 | 1.82 | 20.22 | 22.04 | NOTE | |
r-devel-linux-x86_64-fedora-clang | 0.9.0 | 37.42 | NOTE | |||
r-devel-linux-x86_64-fedora-gcc | 0.9.0 | 58.17 | NOTE | |||
r-devel-windows-x86_64 | 0.9.0 | 3.00 | 45.00 | 48.00 | NOTE | |
r-patched-linux-x86_64 | 0.9.0 | 2.52 | 24.77 | 27.29 | NOTE | |
r-release-linux-x86_64 | 0.9.0 | 2.34 | 25.18 | 27.52 | NOTE | |
r-release-macos-arm64 | 0.9.0 | 27.00 | NOTE | |||
r-release-macos-x86_64 | 0.9.0 | 59.00 | NOTE | |||
r-release-windows-x86_64 | 0.9.0 | 3.00 | 45.00 | 48.00 | NOTE | |
r-oldrel-macos-arm64 | 0.9.0 | 27.00 | NOTE | |||
r-oldrel-macos-x86_64 | 0.9.0 | 41.00 | NOTE | |||
r-oldrel-windows-x86_64 | 0.9.0 | 4.00 | 43.00 | 47.00 | NOTE |
Version: 0.9.0
Check: LazyData
Result: NOTE
'LazyData' is specified without a 'data' directory
Flavors: r-devel-linux-x86_64-debian-clang, r-devel-linux-x86_64-debian-gcc, r-devel-linux-x86_64-fedora-clang, r-devel-linux-x86_64-fedora-gcc, r-devel-windows-x86_64, r-patched-linux-x86_64, r-release-linux-x86_64, r-release-macos-arm64, r-release-macos-x86_64, r-release-windows-x86_64, r-oldrel-macos-arm64, r-oldrel-macos-x86_64, r-oldrel-windows-x86_64